CRAN Package Check Results for Package RMixtCompIO

Last updated on 2021-04-15 03:49:36 CEST.

Flavor Version Tinstall Tcheck Ttotal Status Flags
r-devel-linux-x86_64-debian-clang 4.0.6 367.77 167.35 535.12 NOTE
r-devel-linux-x86_64-debian-gcc 4.0.6 253.81 134.58 388.39 NOTE
r-devel-linux-x86_64-fedora-clang 4.0.6 764.52 NOTE
r-devel-linux-x86_64-fedora-gcc 4.0.6 706.30 NOTE
r-devel-windows-ix86+x86_64 4.0.6 831.00 418.00 1249.00 OK
r-devel-windows-x86_64-gcc10-UCRT 4.0.6 NOTE
r-patched-linux-x86_64 4.0.6 294.79 166.60 461.39 NOTE
r-patched-solaris-x86 4.0.6 639.90 NOTE
r-release-linux-x86_64 4.0.6 289.70 163.40 453.10 NOTE
r-release-macos-x86_64 4.0.6 NOTE
r-release-windows-ix86+x86_64 4.0.6 826.00 428.00 1254.00 OK
r-oldrel-macos-x86_64 4.0.6 NOTE
r-oldrel-windows-ix86+x86_64 4.0.6 780.00 329.00 1109.00 OK

Check Details

Version: 4.0.6
Check: package dependencies
Result: NOTE
    Package suggested but not available for checking: 'blockcluster'
Flavors: r-devel-linux-x86_64-debian-clang, r-devel-linux-x86_64-debian-gcc, r-devel-linux-x86_64-fedora-clang, r-devel-linux-x86_64-fedora-gcc, r-devel-windows-x86_64-gcc10-UCRT, r-patched-linux-x86_64, r-patched-solaris-x86, r-release-linux-x86_64

Version: 4.0.6
Check: installed package size
Result: NOTE
     installed size is 34.4Mb
     sub-directories of 1Mb or more:
     libs 34.2Mb
Flavors: r-devel-linux-x86_64-fedora-clang, r-release-macos-x86_64, r-oldrel-macos-x86_64