CRAN Package Check Results for Package RNAseqNet

Last updated on 2018-02-18 22:47:51 CET.

Flavor Version Tinstall Tcheck Ttotal Status Flags
r-devel-linux-x86_64-debian-clang 0.1.2 4.67 74.16 78.83 OK
r-devel-linux-x86_64-debian-gcc 0.1.2 4.76 59.54 64.30 OK
r-devel-linux-x86_64-fedora-clang 0.1.2 99.11 OK
r-devel-linux-x86_64-fedora-gcc 0.1.2 94.84 OK
r-devel-windows-ix86+x86_64 0.1.2 8.00 83.00 91.00 OK
r-patched-linux-x86_64 0.1.2 5.16 79.06 84.22 OK
r-patched-solaris-x86 0.1.2 150.60 OK
r-release-linux-x86_64 0.1.2 4.19 78.15 82.34 OK
r-release-windows-ix86+x86_64 0.1.2 15.00 116.00 131.00 OK
r-release-osx-x86_64 0.1.2 OK
r-oldrel-windows-ix86+x86_64 0.1.2 8.00 108.00 116.00 OK
r-oldrel-osx-x86_64 0.1.1 WARN

Check Details

Version: 0.1.1
Check: re-building of vignette outputs
Result: WARN
    Error in re-building vignettes:
     ...
    Warning in engine$weave(file, quiet = quiet, encoding = enc) :
     Pandoc (>= 1.12.3) and/or pandoc-citeproc not available. Falling back to R Markdown v1.
    Quitting from lines 2-32 (RNAseqNet.Rmd)
    Error: processing vignette 'RNAseqNet.Rmd' failed with diagnostics:
    could not find function "CRANpkg"
    Execution halted
Flavor: r-oldrel-osx-x86_64