CRAN Package Check Results for Package RNeXML

Last updated on 2018-11-17 12:51:38 CET.

Flavor Version Tinstall Tcheck Ttotal Status Flags
r-devel-linux-x86_64-debian-clang 2.2.0 12.04 192.10 204.14 OK
r-devel-linux-x86_64-debian-gcc 2.2.0 8.47 146.51 154.98 OK
r-devel-linux-x86_64-fedora-clang 2.2.0 280.51 OK
r-devel-linux-x86_64-fedora-gcc 2.2.0 230.55 OK
r-devel-windows-ix86+x86_64 2.2.0 32.00 434.00 466.00 OK
r-patched-linux-x86_64 2.2.0 10.68 182.92 193.60 OK
r-patched-solaris-x86 2.2.0 265.20 NOTE
r-release-linux-x86_64 2.2.0 12.39 185.92 198.31 OK
r-release-windows-ix86+x86_64 2.2.0 26.00 412.00 438.00 OK
r-release-osx-x86_64 2.2.0 OK
r-oldrel-windows-ix86+x86_64 2.2.0 19.00 441.00 460.00 OK
r-oldrel-osx-x86_64 2.2.0 OK

Check Details

Version: 2.2.0
Check: package dependencies
Result: NOTE
    Package suggested but not available for checking: ‘rdflib’
Flavor: r-patched-solaris-x86