CRAN Package Check Results for Package RNeXML

Last updated on 2018-02-20 01:47:44 CET.

Flavor Version Tinstall Tcheck Ttotal Status Flags
r-devel-linux-x86_64-debian-clang 2.0.8 11.21 170.43 181.64 NOTE
r-devel-linux-x86_64-debian-gcc 2.0.8 8.66 148.39 157.05 NOTE
r-devel-linux-x86_64-fedora-clang 2.0.8 227.65 NOTE
r-devel-linux-x86_64-fedora-gcc 2.0.8 221.26 NOTE
r-devel-windows-ix86+x86_64 2.0.8 21.00 327.00 348.00 NOTE
r-patched-linux-x86_64 2.0.8 5.28 205.20 210.48 NOTE
r-patched-solaris-x86 2.0.8 265.60 NOTE
r-release-linux-x86_64 2.0.8 4.97 214.80 219.77 NOTE
r-release-windows-ix86+x86_64 2.0.8 22.00 508.00 530.00 NOTE
r-release-osx-x86_64 2.0.8 NOTE
r-oldrel-windows-ix86+x86_64 2.0.8 17.00 420.00 437.00 NOTE
r-oldrel-osx-x86_64 2.0.8 NOTE

Check Details

Version: 2.0.8
Check: package dependencies
Result: NOTE
    Package suggested but not available for checking: ‘rrdf’
Flavors: r-devel-linux-x86_64-debian-clang, r-devel-linux-x86_64-debian-gcc, r-devel-linux-x86_64-fedora-gcc, r-patched-linux-x86_64, r-release-linux-x86_64

Version: 2.0.8
Check: package dependencies
Result: NOTE
    Packages suggested but not available for checking: ‘rrdf’ ‘Sxslt’
Flavors: r-devel-linux-x86_64-fedora-clang, r-devel-windows-ix86+x86_64, r-patched-solaris-x86, r-release-osx-x86_64, r-oldrel-osx-x86_64

Version: 2.0.8
Check: package dependencies
Result: NOTE
    Package suggested but not available for checking: 'Sxslt'
Flavors: r-release-windows-ix86+x86_64, r-oldrel-windows-ix86+x86_64