CRAN Package Check Results for Package RNeXML

Last updated on 2019-12-06 01:46:46 CET.

Flavor Version Tinstall Tcheck Ttotal Status Flags
r-devel-linux-x86_64-debian-clang 2.4.0 17.56 348.94 366.50 NOTE
r-devel-linux-x86_64-debian-gcc 2.4.0 14.94 256.24 271.18 NOTE
r-devel-linux-x86_64-fedora-clang 2.4.0 367.72 NOTE
r-devel-linux-x86_64-fedora-gcc 2.4.0 417.05 NOTE
r-devel-windows-ix86+x86_64 2.4.0 28.00 384.00 412.00 NOTE
r-devel-windows-ix86+x86_64-gcc8 2.4.0 30.00 333.00 363.00 NOTE
r-patched-linux-x86_64 2.4.0 14.75 298.90 313.65 NOTE
r-patched-solaris-x86 2.4.0 450.80 NOTE
r-release-linux-x86_64 2.4.0 15.97 303.88 319.85 NOTE
r-release-windows-ix86+x86_64 2.4.0 20.00 316.00 336.00 NOTE
r-release-osx-x86_64 2.4.0 NOTE
r-oldrel-windows-ix86+x86_64 2.4.0 20.00 440.00 460.00 NOTE
r-oldrel-osx-x86_64 2.4.0 NOTE

Check Details

Version: 2.4.0
Check: package dependencies
Result: NOTE
    Package suggested but not available for checking: 'taxadb'
Flavors: r-devel-linux-x86_64-debian-clang, r-devel-linux-x86_64-debian-gcc, r-devel-linux-x86_64-fedora-clang, r-devel-linux-x86_64-fedora-gcc, r-devel-windows-ix86+x86_64, r-devel-windows-ix86+x86_64-gcc8, r-patched-linux-x86_64, r-patched-solaris-x86, r-release-linux-x86_64, r-release-windows-ix86+x86_64, r-release-osx-x86_64, r-oldrel-windows-ix86+x86_64, r-oldrel-osx-x86_64