CRAN Package Check Results for Package RNeXML

Last updated on 2018-08-21 06:50:23 CEST.

Flavor Version Tinstall Tcheck Ttotal Status Flags
r-devel-linux-x86_64-debian-clang 2.1.2 11.27 227.41 238.68 OK
r-devel-linux-x86_64-debian-gcc 2.1.2 8.58 177.29 185.87 OK
r-devel-linux-x86_64-fedora-clang 2.1.2 282.36 OK
r-devel-linux-x86_64-fedora-gcc 2.1.2 280.11 OK
r-devel-windows-ix86+x86_64 2.1.2 29.00 451.00 480.00 OK
r-patched-linux-x86_64 2.1.2 11.18 186.05 197.23 OK
r-patched-solaris-x86 2.1.2 241.80 NOTE
r-release-linux-x86_64 2.1.2 9.66 186.15 195.81 OK
r-release-windows-ix86+x86_64 2.1.2 28.00 427.00 455.00 OK
r-release-osx-x86_64 2.1.2 OK
r-oldrel-windows-ix86+x86_64 2.1.2 10.00 383.00 393.00 OK
r-oldrel-osx-x86_64 2.1.2 OK

Check Details

Version: 2.1.2
Check: package dependencies
Result: NOTE
    Package suggested but not available for checking: ‘rdflib’
Flavor: r-patched-solaris-x86