Last updated on 2023-06-08 10:56:26 CEST.
Flavor | Version | Tinstall | Tcheck | Ttotal | Status | Flags |
---|---|---|---|---|---|---|
r-devel-linux-x86_64-debian-clang | 2.6-2 | 21.94 | 43.74 | 65.68 | OK | |
r-devel-linux-x86_64-debian-gcc | 2.6-2 | 14.35 | 34.70 | 49.05 | OK | |
r-devel-linux-x86_64-fedora-clang | 2.6-2 | 81.66 | OK | |||
r-devel-linux-x86_64-fedora-gcc | 2.6-2 | 78.12 | OK | |||
r-devel-windows-x86_64 | 2.6-2 | 36.00 | 132.00 | 168.00 | NOTE | |
r-patched-linux-x86_64 | 2.6-2 | 16.09 | 43.37 | 59.46 | OK | |
r-release-linux-x86_64 | 2.6-2 | 14.83 | 43.30 | 58.13 | OK | |
r-release-macos-arm64 | 2.6-2 | 41.00 | NOTE | |||
r-release-macos-x86_64 | 2.6-2 | 61.00 | NOTE | |||
r-release-windows-x86_64 | 2.6-2 | 33.00 | 189.00 | 222.00 | NOTE | |
r-oldrel-macos-arm64 | 2.6-2 | 43.00 | NOTE | |||
r-oldrel-macos-x86_64 | 2.6-2 | 52.00 | NOTE | |||
r-oldrel-windows-x86_64 | 2.6-2 | 27.00 | 121.00 | 148.00 | NOTE |
Version: 2.6-2
Check: installed package size
Result: NOTE
installed size is 10.8Mb
sub-directories of 1Mb or more:
libs 10.4Mb
Flavors: r-devel-windows-x86_64, r-release-macos-arm64, r-release-macos-x86_64, r-release-windows-x86_64, r-oldrel-macos-arm64, r-oldrel-macos-x86_64, r-oldrel-windows-x86_64
Version: 2.6-2
Check: package dependencies
Result: NOTE
Package which this enhances but not available for checking: ‘pbdMPI’
Flavors: r-release-macos-arm64, r-release-macos-x86_64, r-oldrel-macos-arm64, r-oldrel-macos-x86_64
Version: 2.6-2
Check: Rd cross-references
Result: NOTE
Package unavailable to check Rd xrefs: ‘pbdMPI’
Flavors: r-release-macos-arm64, r-release-macos-x86_64, r-oldrel-macos-arm64, r-oldrel-macos-x86_64