CRAN Package Check Results for Package RNetLogo

Last updated on 2018-11-20 13:46:38 CET.

Flavor Version Tinstall Tcheck Ttotal Status Flags
r-devel-linux-x86_64-debian-clang 1.0-4 2.79 36.97 39.76 OK
r-devel-linux-x86_64-debian-gcc 1.0-4 2.50 29.52 32.02 OK
r-devel-linux-x86_64-fedora-clang 1.0-4 46.39 OK
r-devel-linux-x86_64-fedora-gcc 1.0-4 45.33 OK
r-devel-windows-ix86+x86_64 1.0-4 9.00 57.00 66.00 OK
r-patched-linux-x86_64 1.0-4 2.70 34.97 37.67 NOTE
r-patched-solaris-x86 1.0-4 74.40 OK
r-release-linux-x86_64 1.0-4 3.03 35.05 38.08 NOTE
r-release-windows-ix86+x86_64 1.0-4 5.00 83.00 88.00 OK
r-release-osx-x86_64 1.0-4 OK
r-oldrel-windows-ix86+x86_64 1.0-4 8.00 70.00 78.00 OK
r-oldrel-osx-x86_64 1.0-4 OK

Check Details

Version: 1.0-4
Check: DESCRIPTION meta-information
Result: NOTE
    Dependence on R version ‘3.3.2’ not with patchlevel 0
Flavors: r-patched-linux-x86_64, r-release-linux-x86_64