CRAN Package Check Results for Package RNetLogo

Last updated on 2018-02-22 17:49:38 CET.

Flavor Version Tinstall Tcheck Ttotal Status Flags
r-devel-linux-x86_64-debian-clang 1.0-4 2.30 31.99 34.29 NOTE
r-devel-linux-x86_64-debian-gcc 1.0-4 2.14 27.24 29.38 NOTE
r-devel-linux-x86_64-fedora-clang 1.0-4 45.91 NOTE
r-devel-linux-x86_64-fedora-gcc 1.0-4 42.96 NOTE
r-devel-windows-ix86+x86_64 1.0-4 8.00 51.00 59.00 OK
r-patched-linux-x86_64 1.0-4 1.85 34.37 36.22 OK
r-patched-solaris-x86 1.0-4 60.70 OK
r-release-linux-x86_64 1.0-4 1.56 21.89 23.45 OK
r-release-windows-ix86+x86_64 1.0-4 8.00 69.00 77.00 OK
r-release-osx-x86_64 1.0-4 OK
r-oldrel-windows-ix86+x86_64 1.0-4 5.00 53.00 58.00 OK
r-oldrel-osx-x86_64 1.0-4 OK

Check Details

Version: 1.0-4
Check: DESCRIPTION meta-information
Result: NOTE
    Dependence on R version ‘3.3.2’ not with patchlevel 0
Flavors: r-devel-linux-x86_64-debian-clang, r-devel-linux-x86_64-debian-gcc, r-devel-linux-x86_64-fedora-clang, r-devel-linux-x86_64-fedora-gcc