CRAN Package Check Results for Package RNetLogo

Last updated on 2018-05-22 07:50:29 CEST.

Flavor Version Tinstall Tcheck Ttotal Status Flags
r-devel-linux-x86_64-debian-clang 1.0-4 3.35 36.36 39.71 OK
r-devel-linux-x86_64-debian-gcc 1.0-4 2.51 31.14 33.65 OK
r-devel-linux-x86_64-fedora-clang 1.0-4 51.16 OK
r-devel-linux-x86_64-fedora-gcc 1.0-4 48.48 OK
r-devel-windows-ix86+x86_64 1.0-4 8.00 57.00 65.00 OK
r-patched-linux-x86_64 1.0-4 2.98 34.71 37.69 NOTE
r-patched-solaris-x86 1.0-4 72.10 OK
r-release-linux-x86_64 1.0-4 2.88 34.89 37.77 NOTE
r-release-windows-ix86+x86_64 1.0-4 8.00 71.00 79.00 OK
r-release-osx-x86_64 1.0-4 OK
r-oldrel-windows-ix86+x86_64 1.0-4 9.00 52.00 61.00 OK
r-oldrel-osx-x86_64 1.0-4 OK

Check Details

Version: 1.0-4
Check: DESCRIPTION meta-information
Result: NOTE
    Dependence on R version ‘3.3.2’ not with patchlevel 0
Flavors: r-patched-linux-x86_64, r-release-linux-x86_64