CRAN Package Check Results for Package RNetLogo

Last updated on 2019-02-16 18:46:35 CET.

Flavor Version Tinstall Tcheck Ttotal Status Flags
r-devel-linux-x86_64-debian-clang 1.0-4 2.56 38.13 40.69 OK
r-devel-linux-x86_64-debian-gcc 1.0-4 2.62 30.04 32.66 OK
r-devel-linux-x86_64-fedora-clang 1.0-4 48.52 OK
r-devel-linux-x86_64-fedora-gcc 1.0-4 47.60 OK
r-devel-windows-ix86+x86_64 1.0-4 16.00 75.00 91.00 OK
r-patched-linux-x86_64 1.0-4 3.18 35.52 38.70 NOTE
r-patched-solaris-x86 1.0-4 70.00 OK
r-release-linux-x86_64 1.0-4 NOTE
r-release-windows-ix86+x86_64 1.0-4 4.00 73.00 77.00 OK
r-release-osx-x86_64 1.0-4 OK
r-oldrel-windows-ix86+x86_64 1.0-4 9.00 75.00 84.00 OK
r-oldrel-osx-x86_64 1.0-4 OK

Check Details

Version: 1.0-4
Check: DESCRIPTION meta-information
Result: NOTE
    Dependence on R version ‘3.3.2’ not with patchlevel 0
Flavors: r-patched-linux-x86_64, r-release-linux-x86_64