CRAN Package Check Results for Package ROCFTP.MMS

Last updated on 2024-02-26 05:57:49 CET.

Flavor Version Tinstall Tcheck Ttotal Status Flags
r-devel-linux-x86_64-debian-clang 1.0.0 2.95 31.05 34.00 NOTE
r-devel-linux-x86_64-debian-gcc 1.0.0 2.32 24.58 26.90 NOTE
r-devel-linux-x86_64-fedora-clang 1.0.0 43.85 NOTE
r-devel-linux-x86_64-fedora-gcc 1.0.0 41.15 NOTE
r-devel-windows-x86_64 1.0.0 3.00 46.00 49.00 NOTE
r-patched-linux-x86_64 1.0.0 2.29 30.85 33.14 NOTE
r-release-linux-x86_64 1.0.0 3.33 31.02 34.35 NOTE
r-release-macos-arm64 1.0.0 19.00 NOTE
r-release-macos-x86_64 1.0.0 24.00 NOTE
r-release-windows-x86_64 1.0.0 4.00 48.00 52.00 NOTE
r-oldrel-macos-arm64 1.0.0 19.00 OK
r-oldrel-windows-x86_64 1.0.0 4.00 53.00 57.00 OK

Check Details

Version: 1.0.0
Check: package subdirectories
Result: NOTE Problems with news in ‘NEWS.md’: No news entries found. Flavors: r-devel-linux-x86_64-debian-clang, r-devel-linux-x86_64-debian-gcc, r-devel-linux-x86_64-fedora-clang, r-devel-linux-x86_64-fedora-gcc, r-devel-windows-x86_64, r-patched-linux-x86_64, r-release-linux-x86_64, r-release-macos-arm64, r-release-macos-x86_64, r-release-windows-x86_64