CRAN Package Check Results for Package ROCket

Last updated on 2022-08-09 20:53:59 CEST.

Flavor Version Tinstall Tcheck Ttotal Status Flags
r-devel-linux-x86_64-debian-clang 1.0.1 2.97 33.57 36.54 NOTE
r-devel-linux-x86_64-debian-gcc 1.0.1 2.02 24.91 26.93 NOTE
r-devel-linux-x86_64-fedora-clang 1.0.1 54.31 NOTE
r-devel-linux-x86_64-fedora-gcc 1.0.1 51.46 NOTE
r-devel-windows-x86_64 1.0.1 15.00 55.00 70.00 NOTE
r-patched-linux-x86_64 1.0.1 4.08 31.51 35.59 NOTE
r-release-linux-x86_64 1.0.1 NOTE
r-release-macos-arm64 1.0.1 16.00 NOTE
r-release-macos-x86_64 1.0.1 26.00 NOTE
r-release-windows-x86_64 1.0.1 13.00 56.00 69.00 NOTE
r-oldrel-macos-arm64 1.0.1 19.00 NOTE
r-oldrel-macos-x86_64 1.0.1 31.00 NOTE
r-oldrel-windows-ix86+x86_64 1.0.1 7.00 51.00 58.00 NOTE

Check Details

Version: 1.0.1
Check: LazyData
Result: NOTE
     'LazyData' is specified without a 'data' directory
Flavors: r-devel-linux-x86_64-debian-clang, r-devel-linux-x86_64-debian-gcc, r-devel-linux-x86_64-fedora-clang, r-devel-linux-x86_64-fedora-gcc, r-devel-windows-x86_64, r-patched-linux-x86_64, r-release-linux-x86_64, r-release-macos-arm64, r-release-macos-x86_64, r-release-windows-x86_64, r-oldrel-macos-arm64, r-oldrel-macos-x86_64, r-oldrel-windows-ix86+x86_64