CRAN Package Check Results for Package RODBC

Last updated on 2022-12-09 20:51:25 CET.

Flavor Version Tinstall Tcheck Ttotal Status Flags
r-devel-linux-x86_64-debian-clang 1.3-19 7.63 42.67 50.30 WARN
r-devel-linux-x86_64-debian-gcc 1.3-20 5.31 35.92 41.23 OK
r-devel-linux-x86_64-fedora-clang 1.3-20 73.71 OK
r-devel-linux-x86_64-fedora-gcc 1.3-20 83.59 OK
r-devel-windows-x86_64 1.3-20 29.00 97.00 126.00 OK
r-patched-linux-x86_64 1.3-20 6.13 39.22 45.35 OK
r-release-linux-x86_64 1.3-20 5.94 37.66 43.60 OK
r-release-macos-arm64 1.3-20 50.00 OK
r-release-macos-x86_64 1.3-20 38.00 WARN
r-release-windows-x86_64 1.3-20 25.00 110.00 135.00 OK
r-oldrel-macos-arm64 1.3-20 34.00 OK
r-oldrel-macos-x86_64 1.3-20 39.00 WARN
r-oldrel-windows-ix86+x86_64 1.3-20 14.00 75.00 89.00 OK

Check Details

Version: 1.3-19
Check: compiled code
Result: WARN
    File 'RODBC/libs/RODBC.so':
     Found '__sprintf_chk', possibly from 'sprintf' (C)
     Object: 'RODBC.o'
    
    Compiled code should not call entry points which might terminate R nor
    write to stdout/stderr instead of to the console, nor use Fortran I/O
    nor system RNGs nor [v]sprintf.
    
    See 'Writing portable packages' in the 'Writing R Extensions' manual.
Flavor: r-devel-linux-x86_64-debian-clang

Version: 1.3-20
Check: whether package can be installed
Result: WARN
    Found the following significant warnings:
     RODBC.c:169:11: warning: 'SQLAllocHandle' is deprecated: first deprecated in macOS 10.8 [-Wdeprecated-declarations]
     RODBC.c:171:6: warning: 'SQLSetEnvAttr' is deprecated: first deprecated in macOS 10.8 [-Wdeprecated-declarations]
     RODBC.c:181:15: warning: 'SQLFreeHandle' is deprecated: first deprecated in macOS 10.8 [-Wdeprecated-declarations]
     RODBC.c:190:8: warning: 'SQLFreeStmt' is deprecated: first deprecated in macOS 10.8 [-Wdeprecated-declarations]
     RODBC.c:191:8: warning: 'SQLFreeHandle' is deprecated: first deprecated in macOS 10.8 [-Wdeprecated-declarations]
     RODBC.c:233:14: warning: 'SQLAllocHandle' is deprecated: first deprecated in macOS 10.8 [-Wdeprecated-declarations]
     RODBC.c:236:6: warning: 'SQLSetConnectAttr' is deprecated: first deprecated in macOS 10.8 [-Wdeprecated-declarations]
     RODBC.c:239:6: warning: 'SQLDriverConnect' is deprecated: first deprecated in macOS 10.8 [-Wdeprecated-declarations]
     RODBC.c:289:17: warning: 'SQLGetDiagRec' is deprecated: first deprecated in macOS 10.8 [-Wdeprecated-declarations]
     RODBC.c:298:12: warning: 'SQLFreeHandle' is deprecated: first deprecated in macOS 10.8 [-Wdeprecated-declarations]
     RODBC.c:325:11: warning: 'SQLAllocHandle' is deprecated: first deprecated in macOS 10.8 [-Wdeprecated-declarations]
     RODBC.c:333:8: warning: 'SQLExecDirect' is deprecated: first deprecated in macOS 10.8 [-Wdeprecated-declarations]
     RODBC.c:342:12: warning: 'SQLFreeHandle' is deprecated: first deprecated in macOS 10.8 [-Wdeprecated-declarations]
     RODBC.c:374:11: warning: 'SQLAllocHandle' is deprecated: first deprecated in macOS 10.8 [-Wdeprecated-declarations]
     RODBC.c:389:8: warning: 'SQLPrimaryKeys' is deprecated: first deprecated in macOS 10.8 [-Wdeprecated-declarations]
     RODBC.c:394:2: warning: 'SQLFreeHandle' is deprecated: first deprecated in macOS 10.8 [-Wdeprecated-declarations]
     RODBC.c:415:11: warning: 'SQLAllocHandle' is deprecated: first deprecated in macOS 10.8 [-Wdeprecated-declarations]
     RODBC.c:431:12: warning: 'SQLSetStmtAttr' is deprecated: first deprecated in macOS 10.8 [-Wdeprecated-declarations]
     RODBC.c:435:8: warning: 'SQLColumns' is deprecated: first deprecated in macOS 10.8 [-Wdeprecated-declarations]
     RODBC.c:440:2: warning: 'SQLFreeHandle' is deprecated: first deprecated in macOS 10.8 [-Wdeprecated-declarations]
     RODBC.c:455:11: warning: 'SQLAllocHandle' is deprecated: first deprecated in macOS 10.8 [-Wdeprecated-declarations]
     RODBC.c:470:8: warning: 'SQLSpecialColumns' is deprecated: first deprecated in macOS 10.8 [-Wdeprecated-declarations]
     RODBC.c:476:2: warning: 'SQLFreeHandle' is deprecated: first deprecated in macOS 10.8 [-Wdeprecated-declarations]
     RODBC.c:498:11: warning: 'SQLAllocHandle' is deprecated: first deprecated in macOS 10.8 [-Wdeprecated-declarations]
     RODBC.c:523:12: warning: 'SQLSetStmtAttr' is deprecated: first deprecated in macOS 10.8 [-Wdeprecated-declarations]
     RODBC.c:526:8: warning: 'SQLTables' is deprecated: first deprecated in macOS 10.8 [-Wdeprecated-declarations]
     RODBC.c:531:2: warning: 'SQLFreeHandle' is deprecated: first deprecated in macOS 10.8 [-Wdeprecated-declarations]
     RODBC.c:550:11: warning: 'SQLAllocHandle' is deprecated: first deprecated in macOS 10.8 [-Wdeprecated-declarations]
     RODBC.c:578:8: warning: 'SQLGetTypeInfo' is deprecated: first deprecated in macOS 10.8 [-Wdeprecated-declarations]
     RODBC.c:579:2: warning: 'SQLFreeHandle' is deprecated: first deprecated in macOS 10.8 [-Wdeprecated-declarations]
     RODBC.c:600:11: warning: 'SQLGetInfo' is deprecated: first deprecated in macOS 10.8 [-Wdeprecated-declarations]
     RODBC.c:646:14: warning: 'SQLNumResultCols' is deprecated: first deprecated in macOS 10.8 [-Wdeprecated-declarations]
     RODBC.c:652:14: warning: 'SQLRowCount' is deprecated: first deprecated in macOS 10.8 [-Wdeprecated-declarations]
     RODBC.c:672:14: warning: 'SQLSetStmtAttr' is deprecated: first deprecated in macOS 10.8 [-Wdeprecated-declarations]
     RODBC.c:681:11: warning: 'SQLSetStmtAttr' is deprecated: first deprecated in macOS 10.8 [-Wdeprecated-declarations]
     RODBC.c:686:6: warning: 'SQLSetStmtAttr' is deprecated: first deprecated in macOS 10.8 [-Wdeprecated-declarations]
     RODBC.c:695:11: warning: 'SQLDescribeCol' is deprecated: first deprecated in macOS 10.8 [-Wdeprecated-declarations]
     RODBC.c:719:6: warning: 'SQLBindCol' is deprecated: first deprecated in macOS 10.8 [-Wdeprecated-declarations]
     RODBC.c:721:6: warning: 'SQLBindCol' is deprecated: first deprecated in macOS 10.8 [-Wdeprecated-declarations]
     RODBC.c:723:6: warning: 'SQLBindCol' is deprecated: first deprecated in macOS 10.8 [-Wdeprecated-declarations]
     RODBC.c:725:6: warning: 'SQLBindCol' is deprecated: first deprecated in macOS 10.8 [-Wdeprecated-declarations]
     RODBC.c:735:6: warning: 'SQLBindCol' is deprecated: first deprecated in macOS 10.8 [-Wdeprecated-declarations]
     RODBC.c:746:6: warning: 'SQLBindCol' is deprecated: first deprecated in macOS 10.8 [-Wdeprecated-declarations]
     RODBC.c:758:11: warning: 'SQLFreeStmt' is deprecated: first deprecated in macOS 10.8 [-Wdeprecated-declarations]
     RODBC.c:759:11: warning: 'SQLFreeHandle' is deprecated: first deprecated in macOS 10.8 [-Wdeprecated-declarations]
     RODBC.c:854:16: warning: 'SQLFetch' is deprecated: first deprecated in macOS 10.8 [-Wdeprecated-declarations]
     RODBC.c:858:16: warning: 'SQLFetchScroll' is deprecated: first deprecated in macOS 10.8 [-Wdeprecated-declarations]
     RODBC.c:868:10: warning: 'SQLError' is deprecated: first deprecated in macOS 10.8 [-Wdeprecated-declarations]
     RODBC.c:1038:11: warning: 'SQLAllocHandle' is deprecated: first deprecated in macOS 10.8 [-Wdeprecated-declarations]
     RODBC.c:1044:11: warning: 'SQLPrepare' is deprecated: first deprecated in macOS 10.8 [-Wdeprecated-declarations]
     RODBC.c:1052:8: warning: 'SQLFreeHandle' is deprecated: first deprecated in macOS 10.8 [-Wdeprecated-declarations]
     RODBC.c:1084:12: warning: 'SQLBindParameter' is deprecated: first deprecated in macOS 10.8 [-Wdeprecated-declarations]
     RODBC.c:1094:12: warning: 'SQLBindParameter' is deprecated: first deprecated in macOS 10.8 [-Wdeprecated-declarations]
     RODBC.c:1109:12: warning: 'SQLBindParameter' is deprecated: first deprecated in macOS 10.8 [-Wdeprecated-declarations]
     RODBC.c:1182:12: warning: 'SQLExecute' is deprecated: first deprecated in macOS 10.8 [-Wdeprecated-declarations]
     RODBC.c:1194:11: warning: 'SQLFreeStmt' is deprecated: first deprecated in macOS 10.8 [-Wdeprecated-declarations]
     RODBC.c:1195:11: warning: 'SQLFreeHandle' is deprecated: first deprecated in macOS 10.8 [-Wdeprecated-declarations]
     RODBC.c:1213:14: warning: 'SQLDisconnect' is deprecated: first deprecated in macOS 10.8 [-Wdeprecated-declarations]
     RODBC.c:1219:14: warning: 'SQLFreeHandle' is deprecated: first deprecated in macOS 10.8 [-Wdeprecated-declarations]
     RODBC.c:1277:12: warning: 'SQLGetDiagRec' is deprecated: first deprecated in macOS 10.8 [-Wdeprecated-declarations]
     RODBC.c:1438:7: warning: 'SQLSetConnectAttr' is deprecated: first deprecated in macOS 10.8 [-Wdeprecated-declarations]
     RODBC.c:1442:7: warning: 'SQLSetConnectAttr' is deprecated: first deprecated in macOS 10.8 [-Wdeprecated-declarations]
     RODBC.c:1456:10: warning: 'SQLEndTran' is deprecated: first deprecated in macOS 10.8 [-Wdeprecated-declarations]
     RODBC.c:1484:11: warning: 'SQLDataSources' is deprecated: first deprecated in macOS 10.8 [-Wdeprecated-declarations]
Flavors: r-release-macos-x86_64, r-oldrel-macos-x86_64