CRAN Package Check Results for Package ROMDB

Last updated on 2022-08-09 20:53:59 CEST.

Flavor Version Tinstall Tcheck Ttotal Status Flags
r-devel-linux-x86_64-debian-clang 0.1.0 6.64 52.56 59.20 NOTE
r-devel-linux-x86_64-debian-gcc 0.1.0 3.65 39.89 43.54 NOTE
r-devel-linux-x86_64-fedora-clang 0.1.0 81.36 NOTE
r-devel-linux-x86_64-fedora-gcc 0.1.0 76.91 NOTE
r-devel-windows-x86_64 0.1.0 13.00 74.00 87.00 NOTE
r-patched-linux-x86_64 0.1.0 5.05 49.31 54.36 NOTE
r-release-linux-x86_64 0.1.0 NOTE
r-release-macos-arm64 0.1.0 25.00 NOTE
r-release-macos-x86_64 0.1.0 48.00 NOTE
r-release-windows-x86_64 0.1.0 14.00 72.00 86.00 NOTE
r-oldrel-macos-arm64 0.1.0 37.00 NOTE
r-oldrel-macos-x86_64 0.1.0 39.00 NOTE
r-oldrel-windows-ix86+x86_64 0.1.0 15.00 70.00 85.00 NOTE

Check Details

Version: 0.1.0
Check: LazyData
Result: NOTE
     'LazyData' is specified without a 'data' directory
Flavors: r-devel-linux-x86_64-debian-clang, r-devel-linux-x86_64-debian-gcc, r-devel-linux-x86_64-fedora-clang, r-devel-linux-x86_64-fedora-gcc, r-devel-windows-x86_64, r-patched-linux-x86_64, r-release-linux-x86_64, r-release-macos-arm64, r-release-macos-x86_64, r-release-windows-x86_64, r-oldrel-macos-arm64, r-oldrel-macos-x86_64, r-oldrel-windows-ix86+x86_64