CRAN Package Check Results for Package ROMDB

Last updated on 2024-02-26 03:59:20 CET.

Flavor Version Tinstall Tcheck Ttotal Status Flags
r-devel-linux-x86_64-debian-clang 0.1.0 5.89 48.88 54.77 NOTE
r-devel-linux-x86_64-debian-gcc 0.1.0 4.56 36.49 41.05 NOTE
r-devel-linux-x86_64-fedora-clang 0.1.0 71.35 NOTE
r-devel-linux-x86_64-fedora-gcc 0.1.0 67.30 NOTE
r-devel-windows-x86_64 0.1.0 6.00 56.00 62.00 NOTE
r-patched-linux-x86_64 0.1.0 5.36 45.80 51.16 NOTE
r-release-linux-x86_64 0.1.0 5.27 45.35 50.62 NOTE
r-release-macos-arm64 0.1.0 26.00 NOTE
r-release-macos-x86_64 0.1.0 35.00 NOTE
r-release-windows-x86_64 0.1.0 8.00 63.00 71.00 NOTE
r-oldrel-macos-arm64 0.1.0 25.00 NOTE
r-oldrel-windows-x86_64 0.1.0 8.00 64.00 72.00 NOTE

Check Details

Version: 0.1.0
Check: LazyData
Result: NOTE 'LazyData' is specified without a 'data' directory Flavors: r-devel-linux-x86_64-debian-clang, r-devel-linux-x86_64-debian-gcc, r-devel-linux-x86_64-fedora-clang, r-devel-linux-x86_64-fedora-gcc, r-devel-windows-x86_64, r-patched-linux-x86_64, r-release-linux-x86_64, r-release-macos-arm64, r-release-macos-x86_64, r-release-windows-x86_64, r-oldrel-macos-arm64, r-oldrel-windows-x86_64