CRAN Package Check Results for Package RObsDat

Last updated on 2018-11-18 21:47:37 CET.

Flavor Version Tinstall Tcheck Ttotal Status Flags
r-release-osx-x86_64 16.03 NOTE
r-oldrel-osx-x86_64 16.03 NOTE

Check Details

Version: 16.03
Check: package dependencies
Result: NOTE
    Package suggested but not available for checking: ‘SSOAP’
Flavors: r-release-osx-x86_64, r-oldrel-osx-x86_64