CRAN Package Check Results for Package ROpenCVLite

Last updated on 2020-05-29 17:49:16 CEST.

Flavor Version Tinstall Tcheck Ttotal Status Flags
r-devel-linux-x86_64-debian-clang 0.4.430 2.34 23.20 25.54 OK
r-devel-linux-x86_64-debian-gcc 0.4.430 1.82 18.40 20.22 OK
r-devel-linux-x86_64-fedora-clang 0.4.430 40.39 OK
r-devel-linux-x86_64-fedora-gcc 0.4.430 30.72 OK
r-devel-windows-ix86+x86_64 0.4.430 11.00 65.00 76.00 OK
r-patched-linux-x86_64 0.4.430 2.23 23.14 25.37 OK
r-patched-solaris-x86 0.4.430 44.60 OK
r-release-linux-x86_64 0.4.430 2.37 23.05 25.42 OK
r-release-osx-x86_64 0.4.430 WARN
r-release-windows-ix86+x86_64 0.4.430 10.00 58.00 68.00 OK
r-oldrel-osx-x86_64 0.4.430 WARN
r-oldrel-windows-ix86+x86_64 0.4.430 7.00 47.00 54.00 OK

Check Details

Version: 0.4.430
Check: dependencies in R code
Result: NOTE
    sh: cmake: command not found
Flavors: r-release-osx-x86_64, r-oldrel-osx-x86_64

Version: 0.4.430
Check: S3 generic/method consistency
Result: WARN
    sh: cmake: command not found
    See section ‘Generic functions and methods’ in the ‘Writing R
    Extensions’ manual.
Flavors: r-release-osx-x86_64, r-oldrel-osx-x86_64

Version: 0.4.430
Check: replacement functions
Result: WARN
    sh: cmake: command not found
    The argument of a replacement function which corresponds to the right
    hand side must be named ‘value’.
Flavors: r-release-osx-x86_64, r-oldrel-osx-x86_64

Version: 0.4.430
Check: foreign function calls
Result: NOTE
    sh: cmake: command not found
    See chapter ‘System and foreign language interfaces’ in the ‘Writing R
    Extensions’ manual.
Flavors: r-release-osx-x86_64, r-oldrel-osx-x86_64

Version: 0.4.430
Check: for missing documentation entries
Result: WARN
    sh: cmake: command not found
    All user-level objects in a package should have documentation entries.
    See chapter ‘Writing R documentation files’ in the ‘Writing R
    Extensions’ manual.
Flavors: r-release-osx-x86_64, r-oldrel-osx-x86_64

Version: 0.4.430
Check: for code/documentation mismatches
Result: WARN
    sh: cmake: command not found
    sh: cmake: command not found
    sh: cmake: command not found
Flavors: r-release-osx-x86_64, r-oldrel-osx-x86_64

Version: 0.4.430
Check: Rd \usage sections
Result: NOTE
    sh: cmake: command not found
    The \usage entries for S3 methods should use the \method markup and not
    their full name.
    See chapter ‘Writing R documentation files’ in the ‘Writing R
    Extensions’ manual.
Flavors: r-release-osx-x86_64, r-oldrel-osx-x86_64