CRAN Package Check Results for Package ROpenCVLite

Last updated on 2019-11-16 02:48:45 CET.

Flavor Version Tinstall Tcheck Ttotal Status Flags
r-devel-linux-x86_64-debian-clang 0.3.410 2.54 22.03 24.57 OK
r-devel-linux-x86_64-debian-gcc 0.3.410 1.94 17.06 19.00 OK
r-devel-linux-x86_64-fedora-clang 0.3.410 29.84 NOTE
r-devel-linux-x86_64-fedora-gcc 0.3.410 29.44 NOTE
r-devel-windows-ix86+x86_64 0.3.410 12.00 47.00 59.00 OK
r-patched-linux-x86_64 0.3.410 1.68 20.71 22.39 OK
r-patched-solaris-x86 0.3.410 44.50 NOTE
r-release-linux-x86_64 0.3.410 1.82 20.61 22.43 OK
r-release-windows-ix86+x86_64 0.3.410 6.00 47.00 53.00 OK
r-release-osx-x86_64 0.3.410 ERROR
r-oldrel-windows-ix86+x86_64 0.3.410 3.00 29.00 32.00 OK
r-oldrel-osx-x86_64 0.3.410 ERROR

Check Details

Version: 0.3.410
Check: top-level files
Result: NOTE
    ‘configure’: /bin/bash is not portable
Flavors: r-devel-linux-x86_64-fedora-clang, r-devel-linux-x86_64-fedora-gcc

Version: 0.3.410
Check: dependencies in R code
Result: NOTE
    Namespace in Imports field not imported from: ‘devtools’
     All declared Imports should be used.
Flavors: r-devel-linux-x86_64-fedora-clang, r-devel-linux-x86_64-fedora-gcc, r-patched-solaris-x86

Version: 0.3.410
Check: whether package can be installed
Result: ERROR
    Installation failed.
Flavors: r-release-osx-x86_64, r-oldrel-osx-x86_64