CRAN Package Check Results for Package RPANDA

Last updated on 2021-01-17 08:49:58 CET.

Flavor Version Tinstall Tcheck Ttotal Status Flags
r-devel-linux-x86_64-debian-clang 1.9 48.05 386.41 434.46 OK
r-devel-linux-x86_64-debian-gcc 1.9 39.11 283.76 322.87 OK
r-devel-linux-x86_64-fedora-clang 1.9 516.73 NOTE
r-devel-linux-x86_64-fedora-gcc 1.9 514.09 OK
r-devel-windows-ix86+x86_64 1.9 77.00 512.00 589.00 OK
r-patched-linux-x86_64 1.9 45.16 352.55 397.71 OK
r-patched-solaris-x86 1.9 660.60 OK
r-release-linux-x86_64 1.9 44.25 351.64 395.89 OK
r-release-macos-x86_64 1.9 OK
r-release-windows-ix86+x86_64 1.9 78.00 518.00 596.00 OK
r-oldrel-macos-x86_64 1.9 OK
r-oldrel-windows-ix86+x86_64 1.9 88.00 588.00 676.00 OK

Additional issues

donttest

Check Details

Version: 1.9
Check: package dependencies
Result: NOTE
    Imports includes 21 non-default packages.
    Importing from so many packages makes the package vulnerable to any of
    them becoming unavailable. Move as many as possible to Suggests and
    use conditionally.
Flavor: r-devel-linux-x86_64-fedora-clang