CRAN Package Check Results for Package RPEGLMEN

Last updated on 2021-04-21 21:50:11 CEST.

Flavor Version Tinstall Tcheck Ttotal Status Flags
r-devel-linux-x86_64-debian-clang 1.1.0 53.21 35.22 88.43 NOTE
r-devel-linux-x86_64-debian-gcc 1.1.0 33.91 27.96 61.87 NOTE
r-devel-linux-x86_64-fedora-clang 1.1.0 124.79 NOTE
r-devel-linux-x86_64-fedora-gcc 1.1.0 106.97 NOTE
r-devel-windows-ix86+x86_64 1.1.0 115.00 77.00 192.00 NOTE
r-devel-windows-x86_64-gcc10-UCRT 1.1.0 NOTE
r-patched-linux-x86_64 1.1.0 37.89 34.56 72.45 OK
r-patched-solaris-x86 1.1.0 109.60 OK
r-release-linux-x86_64 1.1.0 37.54 34.31 71.85 OK
r-release-macos-x86_64 1.1.0 NOTE
r-release-windows-ix86+x86_64 1.1.0 114.00 66.00 180.00 OK
r-oldrel-macos-x86_64 1.1.0 NOTE
r-oldrel-windows-ix86+x86_64 1.1.0 99.00 69.00 168.00 OK

Check Details

Version: 1.1.0
Check: LazyData
Result: NOTE
     'LazyData' is specified without a 'data' directory
Flavors: r-devel-linux-x86_64-debian-clang, r-devel-linux-x86_64-debian-gcc, r-devel-linux-x86_64-fedora-clang, r-devel-linux-x86_64-fedora-gcc, r-devel-windows-ix86+x86_64, r-devel-windows-x86_64-gcc10-UCRT

Version: 1.1.0
Check: installed package size
Result: NOTE
     installed size is 6.5Mb
     sub-directories of 1Mb or more:
     libs 6.2Mb
Flavors: r-devel-linux-x86_64-fedora-clang, r-release-macos-x86_64, r-oldrel-macos-x86_64