CRAN Package Check Results for Package RPEGLMEN

Last updated on 2022-12-07 20:56:08 CET.

Flavor Version Tinstall Tcheck Ttotal Status Flags
r-devel-linux-x86_64-debian-clang 1.1.1 48.17 36.31 84.48 OK
r-devel-linux-x86_64-debian-gcc 1.1.1 32.03 28.95 60.98 OK
r-devel-linux-x86_64-fedora-clang 1.1.1 135.38 OK
r-devel-linux-x86_64-fedora-gcc 1.1.1 129.57 OK
r-devel-windows-x86_64 1.1.1 44.00 85.00 129.00 OK
r-patched-linux-x86_64 1.1.1 36.46 35.31 71.77 OK
r-release-linux-x86_64 1.1.1 40.31 36.32 76.63 OK
r-release-macos-arm64 1.1.1 44.00 NOTE
r-release-macos-x86_64 1.1.1 51.00 NOTE
r-release-windows-x86_64 1.1.1 46.00 83.00 129.00 OK
r-oldrel-macos-arm64 1.1.1 46.00 NOTE
r-oldrel-macos-x86_64 1.1.1 66.00 NOTE
r-oldrel-windows-ix86+x86_64 1.1.1 120.00 87.00 207.00 OK

Check Details

Version: 1.1.1
Check: installed package size
Result: NOTE
     installed size is 7.3Mb
     sub-directories of 1Mb or more:
     libs 7.0Mb
Flavors: r-release-macos-arm64, r-release-macos-x86_64, r-oldrel-macos-arm64, r-oldrel-macos-x86_64