Last updated on 2021-01-22 03:50:49 CET.
Flavor | Version | Tinstall | Tcheck | Ttotal | Status | Flags |
---|---|---|---|---|---|---|
r-devel-linux-x86_64-debian-clang | 1.1.0 | 51.54 | 34.84 | 86.38 | OK | |
r-devel-linux-x86_64-debian-gcc | 1.1.0 | 32.96 | 27.83 | 60.79 | OK | |
r-devel-linux-x86_64-fedora-clang | 1.1.0 | 123.92 | NOTE | |||
r-devel-linux-x86_64-fedora-gcc | 1.1.0 | 103.92 | OK | |||
r-devel-windows-ix86+x86_64 | 1.1.0 | 115.00 | 76.00 | 191.00 | OK | |
r-patched-linux-x86_64 | 1.1.0 | 40.36 | 34.69 | 75.05 | OK | |
r-patched-solaris-x86 | 1.1.0 | 109.80 | OK | |||
r-release-linux-x86_64 | 1.1.0 | 36.77 | 34.69 | 71.46 | OK | |
r-release-macos-x86_64 | 1.1.0 | NOTE | ||||
r-release-windows-ix86+x86_64 | 1.1.0 | 109.00 | 79.00 | 188.00 | OK | |
r-oldrel-macos-x86_64 | 1.1.0 | NOTE | ||||
r-oldrel-windows-ix86+x86_64 | 1.1.0 | 74.00 | 56.00 | 130.00 | OK |
Version: 1.1.0
Check: installed package size
Result: NOTE
installed size is 6.7Mb
sub-directories of 1Mb or more:
libs 6.3Mb
Flavors: r-devel-linux-x86_64-fedora-clang, r-release-macos-x86_64, r-oldrel-macos-x86_64