CRAN Package Check Results for Package RPMG

Last updated on 2019-09-20 05:47:05 CEST.

Flavor Version Tinstall Tcheck Ttotal Status Flags
r-devel-linux-x86_64-debian-clang 2.2-2 3.96 27.89 31.85 NOTE
r-devel-linux-x86_64-debian-gcc 2.2-2 3.47 22.06 25.53 NOTE
r-devel-linux-x86_64-fedora-clang 2.2-2 39.59 NOTE
r-devel-linux-x86_64-fedora-gcc 2.2-2 38.69 NOTE
r-devel-windows-ix86+x86_64 2.2-2 17.00 52.00 69.00 OK
r-patched-linux-x86_64 2.2-2 3.60 28.02 31.62 OK
r-patched-solaris-x86 2.2-2 54.30 OK
r-release-linux-x86_64 2.2-2 3.93 28.10 32.03 OK
r-release-windows-ix86+x86_64 2.2-2 9.00 53.00 62.00 OK
r-release-osx-x86_64 2.2-2 OK
r-oldrel-windows-ix86+x86_64 2.2-2 5.00 35.00 40.00 OK
r-oldrel-osx-x86_64 2.2-2 OK

Check Details

Version: 2.2-2
Check: for non-standard things in the check directory
Result: NOTE
    Found the following files/directories:
     'HiThere_0000.eps' 'HiThere_0001.eps' 'HiThere_0002.eps'
     'HiThere_0003.eps' 'hi_0000.eps_0000.eps' 'hi_0000.eps_0001.eps'
Flavors: r-devel-linux-x86_64-debian-clang, r-devel-linux-x86_64-debian-gcc, r-devel-linux-x86_64-fedora-clang, r-devel-linux-x86_64-fedora-gcc