Last updated on 2022-08-14 16:50:23 CEST.
Flavor | Version | Tinstall | Tcheck | Ttotal | Status | Flags |
---|---|---|---|---|---|---|
r-devel-linux-x86_64-debian-clang | 1.0.8 | 20.61 | 133.81 | 154.42 | OK | |
r-devel-linux-x86_64-debian-gcc | 1.0.8 | 15.80 | 100.39 | 116.19 | OK | |
r-devel-linux-x86_64-fedora-clang | 1.0.8 | 188.71 | NOTE | |||
r-devel-linux-x86_64-fedora-gcc | 1.0.8 | 189.49 | NOTE | |||
r-devel-windows-x86_64 | 1.0.8 | 73.00 | 152.00 | 225.00 | OK | |
r-patched-linux-x86_64 | 1.0.8 | 19.45 | 126.65 | 146.10 | OK | |
r-release-linux-x86_64 | 1.0.8 | 16.46 | 127.78 | 144.24 | OK | |
r-release-macos-arm64 | 1.0.8 | 67.00 | NOTE | |||
r-release-macos-x86_64 | 1.0.8 | 72.00 | NOTE | |||
r-release-windows-x86_64 | 1.0.8 | 72.00 | 153.00 | 225.00 | OK | |
r-oldrel-macos-arm64 | 1.0.8 | 70.00 | NOTE | |||
r-oldrel-macos-x86_64 | 1.0.8 | 65.00 | NOTE | |||
r-oldrel-windows-ix86+x86_64 | 1.0.8 | 40.00 | 167.00 | 207.00 | OK |
Version: 1.0.8
Check: dependencies in R code
Result: NOTE
Namespaces in Imports field not imported from:
‘SparseM’ ‘nlme’ ‘timeDate’
All declared Imports should be used.
Flavors: r-devel-linux-x86_64-fedora-clang, r-devel-linux-x86_64-fedora-gcc, r-release-macos-arm64, r-release-macos-x86_64, r-oldrel-macos-arm64, r-oldrel-macos-x86_64