CRAN Package Check Results for Package RPPanalyzer

Last updated on 2024-02-27 06:50:42 CET.

Flavor Version Tinstall Tcheck Ttotal Status Flags
r-devel-linux-x86_64-debian-clang 1.4.9 19.72 167.04 186.76 OK
r-devel-linux-x86_64-debian-gcc 1.4.9 17.29 123.46 140.75 OK
r-devel-linux-x86_64-fedora-clang 1.4.9 239.69 NOTE
r-devel-linux-x86_64-fedora-gcc 1.4.9 243.76 OK
r-devel-windows-x86_64 1.4.9 19.00 156.00 175.00 NOTE
r-patched-linux-x86_64 1.4.9 14.14 159.66 173.80 OK
r-release-linux-x86_64 1.4.9 14.92 159.03 173.95 OK
r-release-macos-arm64 1.4.9 73.00 NOTE
r-release-macos-x86_64 1.4.9 170.00 NOTE
r-release-windows-x86_64 1.4.9 25.00 186.00 211.00 NOTE
r-oldrel-macos-arm64 1.4.9 71.00 NOTE
r-oldrel-windows-x86_64 1.4.9 26.00 186.00 212.00 NOTE

Check Details

Version: 1.4.9
Check: installed package size
Result: NOTE installed size is 5.4Mb sub-directories of 1Mb or more: extdata 4.6Mb Flavors: r-devel-linux-x86_64-fedora-clang, r-devel-windows-x86_64, r-release-macos-arm64, r-release-macos-x86_64, r-release-windows-x86_64, r-oldrel-macos-arm64, r-oldrel-windows-x86_64