CRAN Package Check Results for Package RPPanalyzer

Last updated on 2018-01-17 19:50:07 CET.

Flavor Version Tinstall Tcheck Ttotal Status Flags
r-devel-linux-x86_64-debian-clang 1.4.5 7.65 167.79 175.44 OK
r-devel-linux-x86_64-debian-gcc 1.4.5 6.44 125.62 132.06 OK
r-devel-windows-ix86+x86_64 1.4.5 30.00 247.00 277.00 NOTE
r-patched-linux-x86_64 1.4.5 7.55 176.74 184.29 OK
r-patched-solaris-x86 1.4.5 269.20 NOTE
r-release-linux-x86_64 1.4.5 7.40 173.39 180.79 OK
r-release-windows-ix86+x86_64 1.4.5 17.00 181.00 198.00 ERROR
r-release-osx-x86_64 1.4.5 NOTE
r-oldrel-windows-ix86+x86_64 1.4.4 23.00 199.00 222.00 NOTE
r-oldrel-osx-x86_64 1.4.4 NOTE

Check Details

Version: 1.4.5
Check: installed package size
Result: NOTE
     installed size is 5.4Mb
     sub-directories of 1Mb or more:
     extdata 4.5Mb
Flavors: r-devel-windows-ix86+x86_64, r-patched-solaris-x86, r-release-osx-x86_64

Version: 1.4.5
Check: whether package can be installed
Result: ERROR
    Installation failed.
Flavor: r-release-windows-ix86+x86_64

Version: 1.4.4
Check: installed package size
Result: NOTE
     installed size is 5.4Mb
     sub-directories of 1Mb or more:
     extdata 4.5Mb
Flavors: r-oldrel-windows-ix86+x86_64, r-oldrel-osx-x86_64