CRAN Package Check Results for Package RPPanalyzer

Last updated on 2018-06-17 22:49:28 CEST.

Flavor Version Tinstall Tcheck Ttotal Status Flags
r-devel-linux-x86_64-debian-clang 1.4.5 12.95 193.78 206.73 OK
r-devel-linux-x86_64-debian-gcc 1.4.5 10.34 146.77 157.11 OK
r-devel-linux-x86_64-fedora-clang 1.4.5 241.08 NOTE
r-devel-linux-x86_64-fedora-gcc 1.4.5 231.45 OK
r-devel-windows-ix86+x86_64 1.4.5 29.00 271.00 300.00 NOTE
r-patched-linux-x86_64 1.4.5 11.35 171.73 183.08 OK
r-patched-solaris-x86 1.4.5 292.20 NOTE
r-release-linux-x86_64 1.4.5 11.95 168.41 180.36 OK
r-release-windows-ix86+x86_64 1.4.5 29.00 245.00 274.00 NOTE
r-release-osx-x86_64 1.4.5 NOTE
r-oldrel-windows-ix86+x86_64 1.4.5 14.00 213.00 227.00 NOTE
r-oldrel-osx-x86_64 1.4.5 NOTE

Check Details

Version: 1.4.5
Check: installed package size
Result: NOTE
     installed size is 5.5Mb
     sub-directories of 1Mb or more:
     extdata 4.5Mb
Flavors: r-devel-linux-x86_64-fedora-clang, r-devel-windows-ix86+x86_64, r-patched-solaris-x86, r-release-windows-ix86+x86_64, r-release-osx-x86_64, r-oldrel-windows-ix86+x86_64, r-oldrel-osx-x86_64