CRAN Package Check Results for Package RQDA

Last updated on 2019-01-22 02:49:03 CET.

Flavor Version Tinstall Tcheck Ttotal Status Flags
r-devel-linux-x86_64-debian-clang 0.3-1 13.52 97.98 111.50 NOTE
r-devel-linux-x86_64-debian-gcc 0.3-1 12.12 75.81 87.93 NOTE
r-devel-linux-x86_64-fedora-clang 0.3-1 132.64 NOTE
r-devel-linux-x86_64-fedora-gcc 0.3-1 131.71 NOTE
r-devel-windows-ix86+x86_64 0.3-1 26.00 127.00 153.00 NOTE
r-patched-linux-x86_64 0.3-1 13.92 92.66 106.58 NOTE
r-patched-solaris-x86 0.3-1 194.90 NOTE
r-release-linux-x86_64 0.3-1 11.89 93.27 105.16 NOTE
r-release-windows-ix86+x86_64 0.3-1 24.00 126.00 150.00 NOTE
r-release-osx-x86_64 0.3-1 ERROR
r-oldrel-windows-ix86+x86_64 0.3-1 15.00 99.00 114.00 NOTE
r-oldrel-osx-x86_64 0.3-1 ERROR

Check Details

Version: 0.3-1
Check: package dependencies
Result: NOTE
    Package which this enhances but not available for checking: ‘rjpod’
Flavors: r-devel-linux-x86_64-debian-clang, r-devel-linux-x86_64-debian-gcc, r-devel-linux-x86_64-fedora-clang, r-devel-linux-x86_64-fedora-gcc, r-devel-windows-ix86+x86_64, r-patched-linux-x86_64, r-patched-solaris-x86, r-release-linux-x86_64, r-release-windows-ix86+x86_64, r-oldrel-windows-ix86+x86_64

Version: 0.3-1
Check: package dependencies
Result: ERROR
    Packages required but not available: ‘gWidgetsRGtk2’ ‘RGtk2’
    
    Package which this enhances but not available for checking: ‘rjpod’
    
    See section ‘The DESCRIPTION file’ in the ‘Writing R Extensions’
    manual.
Flavors: r-release-osx-x86_64, r-oldrel-osx-x86_64