CRAN Package Check Results for Package RQDA

Last updated on 2018-05-25 01:46:52 CEST.

Flavor Version Tinstall Tcheck Ttotal Status Flags
r-devel-linux-x86_64-debian-clang 0.3-1 15.44 87.85 103.29 NOTE
r-devel-linux-x86_64-debian-gcc 0.3-1 13.33 76.55 89.88 NOTE
r-devel-linux-x86_64-fedora-clang 0.3-1 139.91 NOTE
r-devel-linux-x86_64-fedora-gcc 0.3-1 136.26 NOTE
r-devel-windows-ix86+x86_64 0.3-1 18.00 136.00 154.00 NOTE
r-patched-linux-x86_64 0.3-1 11.29 89.62 100.91 NOTE
r-patched-solaris-x86 0.3-1 186.90 NOTE
r-release-linux-x86_64 0.3-1 13.88 92.04 105.92 NOTE
r-release-windows-ix86+x86_64 0.3-1 26.00 105.00 131.00 NOTE
r-release-osx-x86_64 0.3-1 ERROR
r-oldrel-windows-ix86+x86_64 0.3-1 14.00 90.00 104.00 NOTE
r-oldrel-osx-x86_64 0.3-1 ERROR

Check Details

Version: 0.3-1
Check: package dependencies
Result: NOTE
    Package which this enhances but not available for checking: ‘rjpod’
Flavors: r-devel-linux-x86_64-debian-clang, r-devel-linux-x86_64-debian-gcc, r-devel-linux-x86_64-fedora-clang, r-devel-linux-x86_64-fedora-gcc, r-devel-windows-ix86+x86_64, r-patched-linux-x86_64, r-patched-solaris-x86, r-release-linux-x86_64, r-release-windows-ix86+x86_64, r-oldrel-windows-ix86+x86_64

Version: 0.3-1
Check: package dependencies
Result: ERROR
    Packages required but not available: ‘gWidgetsRGtk2’ ‘RGtk2’
    
    Package which this enhances but not available for checking: ‘rjpod’
    
    See section ‘The DESCRIPTION file’ in the ‘Writing R Extensions’
    manual.
Flavors: r-release-osx-x86_64, r-oldrel-osx-x86_64