CRAN Package Check Results for Package RQDA

Last updated on 2018-10-21 17:54:26 CEST.

Flavor Version Tinstall Tcheck Ttotal Status Flags
r-devel-linux-x86_64-debian-clang 0.3-1 15.86 100.96 116.82 NOTE
r-devel-linux-x86_64-debian-gcc 0.3-1 11.33 80.67 92.00 NOTE
r-devel-linux-x86_64-fedora-clang 0.3-1 138.55 NOTE
r-devel-linux-x86_64-fedora-gcc 0.3-1 134.60 NOTE
r-devel-windows-ix86+x86_64 0.3-1 26.00 147.00 173.00 NOTE
r-patched-linux-x86_64 0.3-1 13.54 91.81 105.35 NOTE
r-patched-solaris-x86 0.3-1 181.30 NOTE
r-release-linux-x86_64 0.3-1 12.42 92.67 105.09 NOTE
r-release-windows-ix86+x86_64 0.3-1 26.00 120.00 146.00 NOTE
r-release-osx-x86_64 0.3-1 ERROR
r-oldrel-windows-ix86+x86_64 0.3-1 9.00 125.00 134.00 NOTE
r-oldrel-osx-x86_64 0.3-1 ERROR

Check Details

Version: 0.3-1
Check: package dependencies
Result: NOTE
    Package which this enhances but not available for checking: ‘rjpod’
Flavors: r-devel-linux-x86_64-debian-clang, r-devel-linux-x86_64-debian-gcc, r-devel-linux-x86_64-fedora-clang, r-devel-linux-x86_64-fedora-gcc, r-devel-windows-ix86+x86_64, r-patched-linux-x86_64, r-patched-solaris-x86, r-release-linux-x86_64, r-release-windows-ix86+x86_64, r-oldrel-windows-ix86+x86_64

Version: 0.3-1
Check: package dependencies
Result: ERROR
    Packages required but not available: ‘gWidgetsRGtk2’ ‘RGtk2’
    
    Package which this enhances but not available for checking: ‘rjpod’
    
    See section ‘The DESCRIPTION file’ in the ‘Writing R Extensions’
    manual.
Flavors: r-release-osx-x86_64, r-oldrel-osx-x86_64