CRAN Package Check Results for Package RQDA

Last updated on 2018-08-18 10:50:45 CEST.

Flavor Version Tinstall Tcheck Ttotal Status Flags
r-devel-linux-x86_64-debian-clang 0.3-1 11.66 100.88 112.54 NOTE
r-devel-linux-x86_64-debian-gcc 0.3-1 11.64 81.07 92.71 NOTE
r-devel-linux-x86_64-fedora-clang 0.3-1 136.34 NOTE
r-devel-linux-x86_64-fedora-gcc 0.3-1 133.10 NOTE
r-devel-windows-ix86+x86_64 0.3-1 26.00 108.00 134.00 NOTE
r-patched-linux-x86_64 0.3-1 12.30 93.18 105.48 NOTE
r-patched-solaris-x86 0.3-1 185.30 NOTE
r-release-linux-x86_64 0.3-1 13.53 92.26 105.79 NOTE
r-release-windows-ix86+x86_64 0.3-1 28.00 137.00 165.00 NOTE
r-release-osx-x86_64 0.3-1 ERROR
r-oldrel-windows-ix86+x86_64 0.3-1 12.00 98.00 110.00 NOTE
r-oldrel-osx-x86_64 0.3-1 ERROR

Check Details

Version: 0.3-1
Check: package dependencies
Result: NOTE
    Package which this enhances but not available for checking: ‘rjpod’
Flavors: r-devel-linux-x86_64-debian-clang, r-devel-linux-x86_64-debian-gcc, r-devel-linux-x86_64-fedora-clang, r-devel-linux-x86_64-fedora-gcc, r-devel-windows-ix86+x86_64, r-patched-linux-x86_64, r-patched-solaris-x86, r-release-linux-x86_64, r-release-windows-ix86+x86_64, r-oldrel-windows-ix86+x86_64

Version: 0.3-1
Check: package dependencies
Result: ERROR
    Packages required but not available: ‘gWidgetsRGtk2’ ‘RGtk2’
    
    Package which this enhances but not available for checking: ‘rjpod’
    
    See section ‘The DESCRIPTION file’ in the ‘Writing R Extensions’
    manual.
Flavors: r-release-osx-x86_64, r-oldrel-osx-x86_64