CRAN Package Check Results for Package RQGIS

Last updated on 2018-08-17 19:49:27 CEST.

Flavor Version Tinstall Tcheck Ttotal Status Flags
r-devel-linux-x86_64-debian-clang 1.0.4 10.23 126.80 137.03 OK
r-devel-linux-x86_64-debian-gcc 1.0.4 8.32 103.46 111.78 WARN
r-devel-linux-x86_64-fedora-clang 1.0.4 164.19 OK
r-devel-linux-x86_64-fedora-gcc 1.0.4 162.05 OK
r-devel-windows-ix86+x86_64 1.0.4 25.00 180.00 205.00 OK
r-patched-linux-x86_64 1.0.4 9.41 102.25 111.66 OK
r-patched-solaris-x86 1.0.4 203.70 OK
r-release-linux-x86_64 1.0.4 8.93 103.83 112.76 OK
r-release-windows-ix86+x86_64 1.0.4 29.00 151.00 180.00 OK
r-release-osx-x86_64 1.0.4 OK
r-oldrel-windows-ix86+x86_64 1.0.4 22.00 130.00 152.00 OK
r-oldrel-osx-x86_64 1.0.4 OK

Check Details

Version: 1.0.4
Check: re-building of vignette outputs
Result: WARN
    Error in re-building vignettes:
     ...
    Could not determine mime type for `https://raw.githubusercontent.com/jannes-m/RQGIS/master/figures/00_express.PNG'
    Error: processing vignette ‘install_guide.Rmd’ failed with diagnostics:
    pandoc document conversion failed with error 63
    Execution halted
Flavor: r-devel-linux-x86_64-debian-gcc