CRAN Package Check Results for Package RQuantLib

Last updated on 2019-12-07 06:50:40 CET.

Flavor Version Tinstall Tcheck Ttotal Status Flags
r-devel-linux-x86_64-debian-clang 0.4.10 697.51 113.45 810.96 OK
r-devel-linux-x86_64-debian-gcc 0.4.10 763.79 94.81 858.60 OK
r-devel-windows-ix86+x86_64 0.4.10 2114.00 208.00 2322.00 NOTE
r-devel-windows-ix86+x86_64-gcc8 0.4.10 2157.00 173.00 2330.00 NOTE
r-patched-linux-x86_64 0.4.10 799.30 115.91 915.21 OK
r-release-linux-x86_64 0.4.10 798.45 116.26 914.71 OK
r-release-windows-ix86+x86_64 0.4.10 2818.00 202.00 3020.00 NOTE
r-release-osx-x86_64 0.4.10 NOTE
r-oldrel-windows-ix86+x86_64 0.4.10 2075.00 218.00 2293.00 NOTE
r-oldrel-osx-x86_64 0.4.10 NOTE

Check Details

Version: 0.4.10
Check: installed package size
Result: NOTE
     installed size is 27.7Mb
     sub-directories of 1Mb or more:
     libs 27.1Mb
Flavors: r-devel-windows-ix86+x86_64, r-devel-windows-ix86+x86_64-gcc8, r-release-windows-ix86+x86_64, r-release-osx-x86_64, r-oldrel-windows-ix86+x86_64, r-oldrel-osx-x86_64

Version: 0.4.10
Check: dependencies in R code
Result: NOTE
    No protocol specified
Flavors: r-release-osx-x86_64, r-oldrel-osx-x86_64