CRAN Package Check Results for Package RSMET

Last updated on 2018-02-23 08:48:58 CET.

Flavor Version Tinstall Tcheck Ttotal Status Flags
r-devel-linux-x86_64-debian-clang 1.2.9 1.99 25.40 27.39 ERROR
r-devel-linux-x86_64-debian-gcc 1.2.9 2.06 21.08 23.14 ERROR
r-devel-linux-x86_64-fedora-clang 1.2.9 34.70 ERROR
r-devel-linux-x86_64-fedora-gcc 1.2.9 33.81 ERROR
r-devel-windows-ix86+x86_64 1.2.9 9.00 52.00 61.00 ERROR
r-patched-linux-x86_64 1.2.9 1.32 29.80 31.12 ERROR
r-patched-solaris-x86 1.2.9 47.10 ERROR
r-release-linux-x86_64 1.2.9 1.34 26.59 27.93 ERROR
r-release-windows-ix86+x86_64 1.2.9 4.00 59.00 63.00 OK
r-release-osx-x86_64 1.2.9 OK
r-oldrel-windows-ix86+x86_64 1.2.9 3.00 35.00 38.00 ERROR
r-oldrel-osx-x86_64 1.2.9 OK

Check Details

Version: 1.2.9
Check: examples
Result: ERROR
    Running examples in ‘RSMET-Ex.R’ failed
    The error most likely occurred in:
    
    > base::assign(".ptime", proc.time(), pos = "CheckExEnv")
    > ### Name: pushSmetIntoIni
    > ### Title: Pushes SMET object file into a 'meteoioini-class' object
    > ### Aliases: pushSmetIntoIni
    >
    > ### ** Examples
    >
    >
    > ini <- as.meteoioini("test")
    >
    > AA <- as.smet("test")
    > BB <- as.smet("test")
    >
    >
    > newini <- pushSmetIntoIni(AA,BB,ini=ini)
    Warning in file(con, "w") :
     cannot open file '/home/hornik/tmp/R.check/r-devel-clang/Work/build/Packages/RSMET/temp/test_station.smet': Read-only file system
    Error in file(con, "w") : cannot open the connection
    Calls: pushSmetIntoIni -> lapply -> FUN -> print.smet -> <Anonymous> -> file
    Execution halted
Flavor: r-devel-linux-x86_64-debian-clang

Version: 1.2.9
Check: examples
Result: ERROR
    Running examples in ‘RSMET-Ex.R’ failed
    The error most likely occurred in:
    
    > base::assign(".ptime", proc.time(), pos = "CheckExEnv")
    > ### Name: meteofrance
    > ### Title: Snow Weather Data in France
    > ### Aliases: meteofrance
    >
    > ### ** Examples
    >
    >
    >
    > library(ggmap)
    Loading required package: ggplot2
    > data(meteofrance)
    >
    > dates <- as.Date(meteofrance$timestamp)
    >
    > data=meteofrance[dates==dates[1],]
    >
    >
    >
    > map <- get_map(location ="France", zoom = 6)
    Map from URL : http://maps.googleapis.com/maps/api/staticmap?center=France&zoom=6&size=640x640&scale=2&maptype=terrain&language=en-EN&sensor=false
    Information from URL : http://maps.googleapis.com/maps/api/geocode/json?address=France&sensor=false
    Warning: geocode failed with status OVER_QUERY_LIMIT, location = "France"
    Error in data.frame(ll.lat = ll[1], ll.lon = ll[2], ur.lat = ur[1], ur.lon = ur[2]) :
     arguments imply differing number of rows: 0, 1
    Calls: get_map -> get_googlemap -> data.frame
    Execution halted
Flavors: r-devel-linux-x86_64-debian-gcc, r-release-linux-x86_64

Version: 1.2.9
Check: examples
Result: ERROR
    Running examples in ‘RSMET-Ex.R’ failed
    The error most likely occurred in:
    
    > ### Name: meteofrance
    > ### Title: Snow Weather Data in France
    > ### Aliases: meteofrance
    >
    > ### ** Examples
    >
    >
    >
    > library(ggmap)
    Loading required package: ggplot2
    > data(meteofrance)
    >
    > dates <- as.Date(meteofrance$timestamp)
    >
    > data=meteofrance[dates==dates[1],]
    >
    >
    >
    > map <- get_map(location ="France", zoom = 6)
    Map from URL : http://maps.googleapis.com/maps/api/staticmap?center=France&zoom=6&size=640x640&scale=2&maptype=terrain&language=en-EN&sensor=false
    Information from URL : http://maps.googleapis.com/maps/api/geocode/json?address=France&sensor=false
    Warning: geocode failed with status OVER_QUERY_LIMIT, location = "France"
    Error in data.frame(ll.lat = ll[1], ll.lon = ll[2], ur.lat = ur[1], ur.lon = ur[2]) :
     arguments imply differing number of rows: 0, 1
    Calls: get_map -> get_googlemap -> data.frame
    Execution halted
Flavors: r-devel-linux-x86_64-fedora-clang, r-devel-linux-x86_64-fedora-gcc, r-patched-solaris-x86, r-oldrel-windows-ix86+x86_64

Version: 1.2.9
Check: examples
Result: ERROR
    Running examples in 'RSMET-Ex.R' failed
    The error most likely occurred in:
    
    > ### Name: meteofranceSynop
    > ### Title: SYNOP Weather Data in France
    > ### Aliases: meteofranceSynop
    >
    > ### ** Examples
    >
    >
    >
    > library(ggmap)
    Loading required package: ggplot2
    > data(meteofranceSynop)
    >
    >
    >
    >
    > data=meteofranceSynop[meteofranceSynop$timestamp==meteofranceSynop$timestamp[250],]
    >
    >
    >
    > map <- get_map(location ="France", zoom = 6)
    Map from URL : http://maps.googleapis.com/maps/api/staticmap?center=France&zoom=6&size=640x640&scale=2&maptype=terrain&language=en-EN&sensor=false
    Information from URL : http://maps.googleapis.com/maps/api/geocode/json?address=France&sensor=false
    Warning: geocode failed with status OVER_QUERY_LIMIT, location = "France"
    Error in data.frame(ll.lat = ll[1], ll.lon = ll[2], ur.lat = ur[1], ur.lon = ur[2]) :
     arguments imply differing number of rows: 0, 1
    Calls: get_map -> get_googlemap -> data.frame
    Execution halted
Flavor: r-devel-windows-ix86+x86_64

Version: 1.2.9
Check: examples
Result: ERROR
    Running examples in ‘RSMET-Ex.R’ failed
    The error most likely occurred in:
    
    > base::assign(".ptime", proc.time(), pos = "CheckExEnv")
    > ### Name: pushSmetIntoIni
    > ### Title: Pushes SMET object file into a 'meteoioini-class' object
    > ### Aliases: pushSmetIntoIni
    >
    > ### ** Examples
    >
    >
    > ini <- as.meteoioini("test")
    >
    > AA <- as.smet("test")
    > BB <- as.smet("test")
    >
    >
    > newini <- pushSmetIntoIni(AA,BB,ini=ini)
    Warning in file(con, "w") :
     cannot open file '/home/hornik/tmp/R.check/r-patched-gcc/Work/build/Packages/RSMET/temp/test_station.smet': Read-only file system
    Error in file(con, "w") : cannot open the connection
    Calls: pushSmetIntoIni -> lapply -> FUN -> print.smet -> <Anonymous> -> file
    Execution halted
Flavor: r-patched-linux-x86_64