CRAN Package Check Results for Package RSNNS

Last updated on 2019-04-18 22:52:00 CEST.

Flavor Version Tinstall Tcheck Ttotal Status Flags
r-devel-linux-x86_64-debian-clang 0.4-11 66.13 45.21 111.34 OK
r-devel-linux-x86_64-debian-gcc 0.4-11 55.81 36.14 91.95 OK
r-devel-linux-x86_64-fedora-clang 0.4-11 198.05 NOTE
r-devel-linux-x86_64-fedora-gcc 0.4-11 144.14 OK
r-devel-windows-ix86+x86_64 0.4-11 210.00 99.00 309.00 OK
r-patched-linux-x86_64 0.4-11 66.28 44.97 111.25 OK
r-patched-solaris-x86 0.4-11 166.50 OK
r-release-linux-x86_64 0.4-11 66.27 43.02 109.29 OK
r-release-windows-ix86+x86_64 0.4-11 157.00 115.00 272.00 OK
r-release-osx-x86_64 0.4-11 NOTE
r-oldrel-windows-ix86+x86_64 0.4-11 154.00 110.00 264.00 OK
r-oldrel-osx-x86_64 0.4-11 NOTE

Check Details

Version: 0.4-11
Check: installed package size
Result: NOTE
     installed size is 6.8Mb
     sub-directories of 1Mb or more:
     libs 5.8Mb
Flavors: r-devel-linux-x86_64-fedora-clang, r-release-osx-x86_64, r-oldrel-osx-x86_64