CRAN Package Check Results for Package RSNNS

Last updated on 2020-04-02 22:51:08 CEST.

Flavor Version Tinstall Tcheck Ttotal Status Flags
r-devel-linux-x86_64-debian-clang 0.4-12 80.54 48.10 128.64 OK
r-devel-linux-x86_64-debian-gcc 0.4-12 56.02 37.85 93.87 OK
r-devel-linux-x86_64-fedora-clang 0.4-12 223.71 NOTE
r-devel-linux-x86_64-fedora-gcc 0.4-12 162.15 OK
r-devel-windows-ix86+x86_64 0.4-12 156.00 92.00 248.00 OK
r-devel-windows-ix86+x86_64-gcc8 0.4-12 190.00 94.00 284.00 WARN
r-patched-linux-x86_64 0.4-12 65.74 47.64 113.38 OK
r-patched-solaris-x86 0.4-12 179.60 OK
r-release-linux-x86_64 0.4-12 66.52 44.95 111.47 OK
r-release-windows-ix86+x86_64 0.4-12 179.00 104.00 283.00 OK
r-release-osx-x86_64 0.4-12 NOTE
r-oldrel-windows-ix86+x86_64 0.4-12 239.00 97.00 336.00 OK
r-oldrel-osx-x86_64 0.4-12 NOTE

Check Details

Version: 0.4-12
Check: installed package size
Result: NOTE
     installed size is 7.8Mb
     sub-directories of 1Mb or more:
     libs 6.7Mb
Flavors: r-devel-linux-x86_64-fedora-clang, r-release-osx-x86_64, r-oldrel-osx-x86_64

Version: 0.4-12
Check: whether package can be installed
Result: WARN
    Found the following significant warnings:
     kr_io.cpp:891:9: warning: 'char* strcat(char*, const char*)' accessing 631 or more bytes at offsets 6607 and 7237 may overlap 1 byte at offset 7237 [-Wrestrict]
     kr_io.cpp:868:9: warning: 'char* strcat(char*, const char*)' accessing 631 or more bytes at offsets 6607 and 7237 may overlap 1 byte at offset 7237 [-Wrestrict]
     kr_io.cpp:891:9: warning: 'char* strcat(char*, const char*)' accessing 631 or more bytes at offsets 6719 and 7349 may overlap 1 byte at offset 7349 [-Wrestrict]
     kr_io.cpp:868:9: warning: 'char* strcat(char*, const char*)' accessing 631 or more bytes at offsets 6719 and 7349 may overlap 1 byte at offset 7349 [-Wrestrict]
Flavor: r-devel-windows-ix86+x86_64-gcc8