CRAN Package Check Results for Package RSNNS

Last updated on 2019-06-18 00:18:13 CEST.

Flavor Version Tinstall Tcheck Ttotal Status Flags
r-devel-linux-x86_64-debian-clang 0.4-11 65.65 44.77 110.42 NOTE
r-devel-linux-x86_64-debian-gcc 0.4-11 55.57 36.08 91.65 NOTE
r-devel-linux-x86_64-fedora-clang 0.4-11 194.73 NOTE
r-devel-linux-x86_64-fedora-gcc 0.4-11 145.76 NOTE
r-devel-windows-ix86+x86_64 0.4-11 183.00 102.00 285.00 OK
r-patched-linux-x86_64 0.4-11 64.34 44.47 108.81 OK
r-patched-solaris-x86 0.4-11 168.00 OK
r-release-linux-x86_64 0.4-11 64.59 44.90 109.49 OK
r-release-windows-ix86+x86_64 0.4-11 243.00 121.00 364.00 OK
r-release-osx-x86_64 0.4-11 NOTE
r-oldrel-windows-ix86+x86_64 0.4-11 150.00 116.00 266.00 OK
r-oldrel-osx-x86_64 0.4-11 NOTE

Check Details

Version: 0.4-11
Check: for non-standard things in the check directory
Result: NOTE
    Found the following files/directories:
     'eight_elmanSnnsR.net' 'eight_elmanSnnsR.pat'
     'eight_elmanSnnsR_untrained.net'
Flavors: r-devel-linux-x86_64-debian-clang, r-devel-linux-x86_64-debian-gcc, r-devel-linux-x86_64-fedora-clang, r-devel-linux-x86_64-fedora-gcc

Version: 0.4-11
Check: installed package size
Result: NOTE
     installed size is 6.8Mb
     sub-directories of 1Mb or more:
     libs 5.8Mb
Flavors: r-devel-linux-x86_64-fedora-clang, r-release-osx-x86_64, r-oldrel-osx-x86_64