CRAN Package Check Results for Package RSNPset

Last updated on 2019-09-16 00:47:52 CEST.

Flavor Version Tinstall Tcheck Ttotal Status Flags
r-devel-linux-x86_64-debian-clang 0.5.3 34.06 49.03 83.09 OK
r-devel-linux-x86_64-debian-gcc 0.5.3 33.50 40.05 73.55 OK
r-devel-linux-x86_64-fedora-clang 0.5.3 115.28 NOTE
r-devel-linux-x86_64-fedora-gcc 0.5.3 118.74 OK
r-devel-windows-ix86+x86_64 0.5.3 107.00 97.00 204.00 OK
r-patched-linux-x86_64 0.5.3 36.98 50.89 87.87 OK
r-patched-solaris-x86 0.5.3 126.90 OK
r-release-linux-x86_64 0.5.3 34.45 50.50 84.95 OK
r-release-windows-ix86+x86_64 0.5.3 62.00 96.00 158.00 OK
r-release-osx-x86_64 0.5.3 ERROR
r-oldrel-windows-ix86+x86_64 0.5.3 87.00 94.00 181.00 OK
r-oldrel-osx-x86_64 0.5.3 NOTE

Check Details

Version: 0.5.3
Check: installed package size
Result: NOTE
     installed size is 14.1Mb
     sub-directories of 1Mb or more:
     libs 13.7Mb
Flavors: r-devel-linux-x86_64-fedora-clang, r-oldrel-osx-x86_64

Version: 0.5.3
Check: package dependencies
Result: ERROR
    Package required but not available: ‘qvalue’
    
    See section ‘The DESCRIPTION file’ in the ‘Writing R Extensions’
    manual.
Flavor: r-release-osx-x86_64