CRAN Package Check Results for Package RSNPset

Last updated on 2020-01-19 14:47:23 CET.

Flavor Version Tinstall Tcheck Ttotal Status Flags
r-devel-linux-x86_64-debian-clang 0.5.3 41.96 52.16 94.12 OK
r-devel-linux-x86_64-debian-gcc 0.5.3 32.06 42.09 74.15 OK
r-devel-linux-x86_64-fedora-clang 0.5.3 119.50 NOTE
r-devel-linux-x86_64-fedora-gcc 0.5.3 118.69 OK
r-devel-windows-ix86+x86_64 0.5.3 104.00 156.00 260.00 OK
r-devel-windows-ix86+x86_64-gcc8 0.5.3 80.00 151.00 231.00 OK
r-patched-linux-x86_64 0.5.3 35.24 48.15 83.39 OK
r-patched-solaris-x86 0.5.3 131.40 OK
r-release-linux-x86_64 0.5.3 37.25 48.17 85.42 OK
r-release-windows-ix86+x86_64 0.5.3 95.00 99.00 194.00 OK
r-release-osx-x86_64 0.5.3 NOTE
r-oldrel-windows-ix86+x86_64 0.5.3 83.00 100.00 183.00 OK
r-oldrel-osx-x86_64 0.5.3 NOTE

Check Details

Version: 0.5.3
Check: installed package size
Result: NOTE
     installed size is 14.1Mb
     sub-directories of 1Mb or more:
     libs 13.7Mb
Flavors: r-devel-linux-x86_64-fedora-clang, r-release-osx-x86_64, r-oldrel-osx-x86_64