CRAN Package Check Results for Package RSpectra

Last updated on 2024-02-26 00:50:58 CET.

Flavor Version Tinstall Tcheck Ttotal Status Flags
r-devel-linux-x86_64-debian-clang 0.16-1 186.21 75.31 261.52 OK
r-devel-linux-x86_64-debian-gcc 0.16-1 171.23 63.90 235.13 OK
r-devel-linux-x86_64-fedora-clang 0.16-1 347.81 OK
r-devel-linux-x86_64-fedora-gcc 0.16-1 473.26 OK
r-devel-windows-x86_64 0.16-1 137.00 102.00 239.00 OK
r-patched-linux-x86_64 0.16-1 182.88 83.44 266.32 OK
r-release-linux-x86_64 0.16-1 207.97 82.49 290.46 OK
r-release-macos-arm64 0.16-1 115.00 NOTE
r-release-macos-x86_64 0.16-1 176.00 NOTE
r-release-windows-x86_64 0.16-1 175.00 121.00 296.00 OK
r-oldrel-macos-arm64 0.16-1 114.00 NOTE
r-oldrel-windows-x86_64 0.16-1 161.00 115.00 276.00 OK

Check Details

Version: 0.16-1
Check: installed package size
Result: NOTE installed size is 45.0Mb sub-directories of 1Mb or more: libs 44.3Mb Flavors: r-release-macos-arm64, r-release-macos-x86_64, r-oldrel-macos-arm64