CRAN Package Check Results for Package RStoolbox

Last updated on 2018-02-25 19:49:17 CET.

Flavor Version Tinstall Tcheck Ttotal Status Flags
r-devel-linux-x86_64-debian-clang 0.1.10 85.95 609.18 695.13 OK
r-devel-linux-x86_64-debian-gcc 0.1.10 69.14 523.19 592.33 OK
r-devel-linux-x86_64-fedora-clang 0.1.10 801.06 OK
r-devel-linux-x86_64-fedora-gcc 0.1.10 786.30 NOTE
r-devel-windows-ix86+x86_64 0.1.10 215.00 1216.00 1431.00 OK
r-patched-linux-x86_64 0.1.10 79.35 628.14 707.49 OK
r-patched-solaris-x86 0.1.10 1048.40 OK
r-release-linux-x86_64 0.1.10 79.72 648.78 728.50 OK
r-release-windows-ix86+x86_64 0.1.10 226.00 1229.00 1455.00 OK
r-release-osx-x86_64 0.1.10 OK
r-oldrel-windows-ix86+x86_64 0.1.10 174.00 917.00 1091.00 OK
r-oldrel-osx-x86_64 0.1.10 OK

Check Details

Version: 0.1.10
Check: installed package size
Result: NOTE
     installed size is 5.7Mb
     sub-directories of 1Mb or more:
     libs 4.3Mb
Flavor: r-devel-linux-x86_64-fedora-gcc