CRAN Package Check Results for Package RStoolbox

Last updated on 2021-05-18 17:48:24 CEST.

Flavor Version Tinstall Tcheck Ttotal Status Flags
r-devel-linux-x86_64-debian-clang 0.2.6 154.22 419.27 573.49 OK
r-devel-linux-x86_64-debian-gcc 0.2.6 96.61 318.27 414.88 OK
r-devel-linux-x86_64-fedora-clang 0.2.6 763.60 NOTE
r-devel-linux-x86_64-fedora-gcc 0.2.6 678.71 OK
r-devel-windows-ix86+x86_64 0.2.6 346.00 577.00 923.00 OK
r-devel-windows-x86_64-gcc10-UCRT 0.2.6 OK
r-patched-linux-x86_64 0.2.6 116.82 399.56 516.38 OK
r-patched-solaris-x86 0.2.6 818.50 OK
r-release-linux-x86_64 0.2.6 118.47 399.55 518.02 OK
r-release-macos-x86_64 0.2.6 NOTE
r-release-windows-ix86+x86_64 0.2.6 251.00 568.00 819.00 OK
r-oldrel-macos-x86_64 0.2.6 OK
r-oldrel-windows-ix86+x86_64 0.2.6 226.00 769.00 995.00 OK

Check Details

Version: 0.2.6
Check: installed package size
Result: NOTE
     installed size is 5.4Mb
     sub-directories of 1Mb or more:
     libs 3.9Mb
Flavors: r-devel-linux-x86_64-fedora-clang, r-release-macos-x86_64