CRAN Package Check Results for Package RStoolbox

Last updated on 2018-05-22 18:47:11 CEST.

Flavor Version Tinstall Tcheck Ttotal Status Flags
r-devel-linux-x86_64-debian-clang 0.2.1 90.44 669.21 759.65 WARN
r-devel-linux-x86_64-debian-gcc 0.2.1 62.94 546.99 609.93 WARN
r-devel-linux-x86_64-fedora-clang 0.2.1 883.41 OK
r-devel-linux-x86_64-fedora-gcc 0.2.1 833.65 NOTE
r-devel-windows-ix86+x86_64 0.2.1 178.00 1192.00 1370.00 OK
r-patched-linux-x86_64 0.2.1 88.10 590.05 678.15 OK
r-patched-solaris-x86 0.2.1 1208.30 OK
r-release-linux-x86_64 0.2.1 88.30 589.30 677.60 OK
r-release-windows-ix86+x86_64 0.2.1 178.00 932.00 1110.00 OK
r-release-osx-x86_64 0.2.1 OK
r-oldrel-windows-ix86+x86_64 0.2.1 245.00 1246.00 1491.00 OK
r-oldrel-osx-x86_64 0.2.1 OK

Check Details

Version: 0.2.1
Check: for unstated dependencies in ‘tests’
Result: WARN
    'library' or 'require' call not declared from: ‘lattice’
Flavors: r-devel-linux-x86_64-debian-clang, r-devel-linux-x86_64-debian-gcc

Version: 0.2.1
Check: installed package size
Result: NOTE
     installed size is 6.3Mb
     sub-directories of 1Mb or more:
     libs 4.8Mb
Flavor: r-devel-linux-x86_64-fedora-gcc