CRAN Package Check Results for Package RStoolbox

Last updated on 2018-11-15 06:47:37 CET.

Flavor Version Tinstall Tcheck Ttotal Status Flags
r-devel-linux-x86_64-debian-clang 0.2.3 107.99 405.45 513.44 OK
r-devel-linux-x86_64-debian-gcc 0.2.3 90.00 318.37 408.37 OK
r-devel-linux-x86_64-fedora-clang 0.2.3 628.87 NOTE
r-devel-linux-x86_64-fedora-gcc 0.2.3 653.93 OK
r-devel-windows-ix86+x86_64 0.2.3 194.00 645.00 839.00 OK
r-patched-linux-x86_64 0.2.3 105.97 389.99 495.96 OK
r-patched-solaris-x86 0.2.3 760.50 OK
r-release-linux-x86_64 0.2.3 107.35 353.80 461.15 OK
r-release-windows-ix86+x86_64 0.2.3 262.00 818.00 1080.00 OK
r-release-osx-x86_64 0.2.3 OK
r-oldrel-windows-ix86+x86_64 0.2.3 266.00 858.00 1124.00 OK
r-oldrel-osx-x86_64 0.2.3 OK

Check Details

Version: 0.2.3
Check: installed package size
Result: NOTE
     installed size is 5.1Mb
     sub-directories of 1Mb or more:
     libs 3.7Mb
Flavor: r-devel-linux-x86_64-fedora-clang