CRAN Package Check Results for Package RTextTools

Last updated on 2018-05-27 07:51:07 CEST.

Flavor Version Tinstall Tcheck Ttotal Status Flags
r-devel-linux-x86_64-debian-clang 1.4.2 9.71 102.09 111.80 NOTE
r-devel-linux-x86_64-debian-gcc 1.4.2 7.88 82.48 90.36 NOTE
r-devel-linux-x86_64-fedora-clang 1.4.2 139.23 NOTE
r-devel-linux-x86_64-fedora-gcc 1.4.2 133.05 NOTE
r-devel-windows-ix86+x86_64 1.4.2 31.00 149.00 180.00 NOTE
r-patched-linux-x86_64 1.4.2 6.99 89.79 96.78 NOTE
r-patched-solaris-x86 1.4.2 184.00 NOTE
r-release-linux-x86_64 1.4.2 8.88 88.97 97.85 NOTE
r-release-windows-ix86+x86_64 1.4.2 36.00 187.00 223.00 NOTE
r-release-osx-x86_64 1.4.2 NOTE
r-oldrel-windows-ix86+x86_64 1.4.2 37.00 136.00 173.00 NOTE
r-oldrel-osx-x86_64 1.4.2 NOTE

Check Details

Version: 1.4.2
Check: R code for possible problems
Result: NOTE
    classify_model: no visible global function definition for ‘predict’
    cross_validate: no visible global function definition for ‘predict’
    read_data: no visible global function definition for ‘read.csv’
    read_data: no visible global function definition for ‘read.delim’
    Undefined global functions or variables:
     predict read.csv read.delim
    Consider adding
     importFrom("stats", "predict")
     importFrom("utils", "read.csv", "read.delim")
    to your NAMESPACE file.
Flavors: r-devel-linux-x86_64-debian-clang, r-devel-linux-x86_64-debian-gcc, r-devel-linux-x86_64-fedora-clang, r-devel-linux-x86_64-fedora-gcc, r-devel-windows-ix86+x86_64, r-patched-linux-x86_64, r-patched-solaris-x86, r-release-linux-x86_64, r-release-windows-ix86+x86_64, r-release-osx-x86_64, r-oldrel-windows-ix86+x86_64, r-oldrel-osx-x86_64