CRAN Package Check Results for Package RTextTools

Last updated on 2018-08-16 16:52:47 CEST.

Flavor Version Tinstall Tcheck Ttotal Status Flags
r-devel-linux-x86_64-debian-clang 1.4.2 8.94 103.60 112.54 NOTE
r-devel-linux-x86_64-debian-gcc 1.4.2 7.76 84.96 92.72 NOTE
r-devel-linux-x86_64-fedora-clang 1.4.2 133.98 NOTE
r-devel-linux-x86_64-fedora-gcc 1.4.2 131.63 NOTE
r-devel-windows-ix86+x86_64 1.4.2 41.00 219.00 260.00 NOTE
r-patched-linux-x86_64 1.4.2 8.81 90.80 99.61 NOTE
r-patched-solaris-x86 1.4.2 199.80 NOTE
r-release-linux-x86_64 1.4.2 8.01 89.86 97.87 NOTE
r-release-windows-ix86+x86_64 1.4.2 37.00 185.00 222.00 NOTE
r-release-osx-x86_64 1.4.2 NOTE
r-oldrel-windows-ix86+x86_64 1.4.2 39.00 179.00 218.00 NOTE
r-oldrel-osx-x86_64 1.4.2 NOTE

Check Details

Version: 1.4.2
Check: R code for possible problems
Result: NOTE
    classify_model: no visible global function definition for ‘predict’
    cross_validate: no visible global function definition for ‘predict’
    read_data: no visible global function definition for ‘read.csv’
    read_data: no visible global function definition for ‘read.delim’
    Undefined global functions or variables:
     predict read.csv read.delim
    Consider adding
     importFrom("stats", "predict")
     importFrom("utils", "read.csv", "read.delim")
    to your NAMESPACE file.
Flavors: r-devel-linux-x86_64-debian-clang, r-devel-linux-x86_64-debian-gcc, r-devel-linux-x86_64-fedora-clang, r-devel-linux-x86_64-fedora-gcc, r-devel-windows-ix86+x86_64, r-patched-linux-x86_64, r-patched-solaris-x86, r-release-linux-x86_64, r-release-windows-ix86+x86_64, r-release-osx-x86_64, r-oldrel-windows-ix86+x86_64, r-oldrel-osx-x86_64