CRAN Package Check Results for Package RTextTools

Last updated on 2019-01-24 09:49:52 CET.

Flavor Version Tinstall Tcheck Ttotal Status Flags
r-devel-linux-x86_64-debian-clang 1.4.2 10.41 95.14 105.55 NOTE
r-devel-linux-x86_64-debian-gcc 1.4.2 8.76 77.00 85.76 NOTE
r-devel-linux-x86_64-fedora-clang 1.4.2 125.49 NOTE
r-devel-linux-x86_64-fedora-gcc 1.4.2 119.37 NOTE
r-devel-windows-ix86+x86_64 1.4.2 36.00 202.00 238.00 NOTE
r-patched-linux-x86_64 1.4.2 9.11 91.75 100.86 NOTE
r-patched-solaris-x86 1.4.2 195.20 NOTE
r-release-linux-x86_64 1.4.2 9.15 90.14 99.29 NOTE
r-release-windows-ix86+x86_64 1.4.2 26.00 149.00 175.00 NOTE
r-release-osx-x86_64 1.4.2 NOTE
r-oldrel-windows-ix86+x86_64 1.4.2 33.00 183.00 216.00 NOTE
r-oldrel-osx-x86_64 1.4.2 NOTE

Check Details

Version: 1.4.2
Check: R code for possible problems
Result: NOTE
    classify_model: no visible global function definition for ‘predict’
    cross_validate: no visible global function definition for ‘predict’
    read_data: no visible global function definition for ‘read.csv’
    read_data: no visible global function definition for ‘read.delim’
    Undefined global functions or variables:
     predict read.csv read.delim
    Consider adding
     importFrom("stats", "predict")
     importFrom("utils", "read.csv", "read.delim")
    to your NAMESPACE file.
Flavors: r-devel-linux-x86_64-debian-clang, r-devel-linux-x86_64-debian-gcc, r-devel-linux-x86_64-fedora-clang, r-devel-linux-x86_64-fedora-gcc, r-devel-windows-ix86+x86_64, r-patched-linux-x86_64, r-patched-solaris-x86, r-release-linux-x86_64, r-release-windows-ix86+x86_64, r-release-osx-x86_64, r-oldrel-windows-ix86+x86_64, r-oldrel-osx-x86_64