CRAN Package Check Results for Package RTransProb

Last updated on 2018-08-20 01:46:41 CEST.

Flavor Version Tinstall Tcheck Ttotal Status Flags
r-devel-linux-x86_64-debian-clang 0.3.3 43.09 81.52 124.61 OK
r-devel-linux-x86_64-debian-gcc 0.3.3 39.63 64.98 104.61 OK
r-devel-linux-x86_64-fedora-clang 0.3.3 151.42 NOTE
r-devel-linux-x86_64-fedora-gcc 0.3.3 153.03 NOTE
r-devel-windows-ix86+x86_64 0.3.3 98.00 144.00 242.00 OK
r-patched-linux-x86_64 0.3.3 42.25 68.85 111.10 OK
r-patched-solaris-x86 0.3.3 191.00 OK
r-release-linux-x86_64 0.3.3 49.43 68.19 117.62 OK
r-release-windows-ix86+x86_64 0.3.3 103.00 145.00 248.00 OK
r-release-osx-x86_64 0.3.3 OK
r-oldrel-windows-ix86+x86_64 0.3.3 71.00 97.00 168.00 OK
r-oldrel-osx-x86_64 0.3.3 OK

Check Details

Version: 0.3.3
Check: use of SHLIB_OPENMP_*FLAGS in Makefiles
Result: NOTE
     src/Makevars: SHLIB_OPENMP_CXXFLAGS is included in PKG_CXXFLAGS but not in PKG_LIBS
     src/Makevars: SHLIB_OPENMP_CFLAGS is included in PKG_LIBS but not in PKG_CFLAGS
     src/Makevars.win: SHLIB_OPENMP_CXXFLAGS is included in PKG_CXXFLAGS but not in PKG_LIBS
     src/Makevars.win: SHLIB_OPENMP_CFLAGS is included in PKG_LIBS but not in PKG_CFLAGS
    Use of these macros is discussed in sect 1.2.1.1 of ‘Writing R
    Extensions’. The macros for different languages may differ so the
    matching macro must be used in PKG_CXXFLAGS (etc) and match that used
    in PKG_LIBS (except for F77: see the manual).
Flavors: r-devel-linux-x86_64-fedora-clang, r-devel-linux-x86_64-fedora-gcc