CRAN Package Check Results for Package RTransProb

Last updated on 2018-11-13 02:48:52 CET.

Flavor Version Tinstall Tcheck Ttotal Status Flags
r-devel-linux-x86_64-debian-clang 0.3.3 44.85 84.33 129.18 WARN
r-devel-linux-x86_64-debian-gcc 0.3.3 37.98 67.15 105.13 NOTE
r-devel-linux-x86_64-fedora-clang 0.3.3 172.13 WARN
r-devel-linux-x86_64-fedora-gcc 0.3.3 154.35 NOTE
r-devel-windows-ix86+x86_64 0.3.3 69.00 112.00 181.00 OK
r-patched-linux-x86_64 0.3.3 39.11 70.59 109.70 OK
r-patched-solaris-x86 0.3.3 190.60 OK
r-release-linux-x86_64 0.3.3 42.61 69.84 112.45 OK
r-release-windows-ix86+x86_64 0.3.3 102.00 138.00 240.00 OK
r-release-osx-x86_64 0.3.3 OK
r-oldrel-windows-ix86+x86_64 0.3.3 106.00 136.00 242.00 OK
r-oldrel-osx-x86_64 0.3.3 OK

Check Details

Version: 0.3.3
Check: whether package can be installed
Result: WARN
    Found the following significant warnings:
     getFunctions.cpp:90:16: warning: explicitly assigning value of variable of type 'arma::mat' (aka 'Mat<double>') to itself [-Wself-assign-overloaded]
Flavors: r-devel-linux-x86_64-debian-clang, r-devel-linux-x86_64-fedora-clang

Version: 0.3.3
Check: use of SHLIB_OPENMP_*FLAGS in Makefiles
Result: NOTE
     src/Makevars: SHLIB_OPENMP_CXXFLAGS is included in PKG_CXXFLAGS but not in PKG_LIBS
     src/Makevars: SHLIB_OPENMP_CFLAGS is included in PKG_LIBS but not in PKG_CFLAGS
     src/Makevars.win: SHLIB_OPENMP_CXXFLAGS is included in PKG_CXXFLAGS but not in PKG_LIBS
     src/Makevars.win: SHLIB_OPENMP_CFLAGS is included in PKG_LIBS but not in PKG_CFLAGS
    Use of these macros is discussed in sect 1.2.1.1 of ‘Writing R
    Extensions’. The macros for different languages may differ so the
    matching macro must be used in PKG_CXXFLAGS (etc) and match that used
    in PKG_LIBS (except for F77: see the manual).
Flavors: r-devel-linux-x86_64-debian-clang, r-devel-linux-x86_64-debian-gcc, r-devel-linux-x86_64-fedora-clang, r-devel-linux-x86_64-fedora-gcc