CRAN Package Check Results for Package RTransProb

Last updated on 2019-02-18 05:49:37 CET.

Flavor Version Tinstall Tcheck Ttotal Status Flags
r-devel-linux-x86_64-debian-clang 0.3.3 42.44 73.31 115.75 WARN
r-devel-linux-x86_64-debian-gcc 0.3.3 34.25 58.39 92.64 NOTE
r-devel-linux-x86_64-fedora-clang 0.3.3 159.53 WARN
r-devel-linux-x86_64-fedora-gcc 0.3.3 149.60 NOTE
r-devel-windows-ix86+x86_64 0.3.3 99.00 104.00 203.00 OK
r-patched-linux-x86_64 0.3.3 40.39 67.65 108.04 OK
r-patched-solaris-x86 0.3.3 178.00 OK
r-release-linux-x86_64 0.3.3 OK
r-release-windows-ix86+x86_64 0.3.3 74.00 143.00 217.00 OK
r-release-osx-x86_64 0.3.3 OK
r-oldrel-windows-ix86+x86_64 0.3.3 73.00 109.00 182.00 OK
r-oldrel-osx-x86_64 0.3.3 OK

Check Details

Version: 0.3.3
Check: whether package can be installed
Result: WARN
    Found the following significant warnings:
     getFunctions.cpp:90:16: warning: explicitly assigning value of variable of type 'arma::mat' (aka 'Mat<double>') to itself [-Wself-assign-overloaded]
Flavors: r-devel-linux-x86_64-debian-clang, r-devel-linux-x86_64-fedora-clang

Version: 0.3.3
Check: use of SHLIB_OPENMP_*FLAGS in Makefiles
Result: NOTE
     src/Makevars: SHLIB_OPENMP_CXXFLAGS is included in PKG_CXXFLAGS but not in PKG_LIBS
     src/Makevars: SHLIB_OPENMP_CFLAGS is included in PKG_LIBS but linking is by C++
     src/Makevars.win: SHLIB_OPENMP_CXXFLAGS is included in PKG_CXXFLAGS but not in PKG_LIBS
     src/Makevars.win: SHLIB_OPENMP_CFLAGS is included in PKG_LIBS but linking is by C++
    Use of these macros is discussed in sect 1.2.1.1 of ‘Writing R
    Extensions’. The macros for different languages may differ so the
    matching macro must be used in PKG_CXXFLAGS (etc) and match that used
    in PKG_LIBS (except for Fortran: see the manual).
Flavors: r-devel-linux-x86_64-debian-clang, r-devel-linux-x86_64-debian-gcc, r-devel-linux-x86_64-fedora-clang, r-devel-linux-x86_64-fedora-gcc