CRAN Package Check Results for Package RTransferEntropy

Last updated on 2019-09-21 20:46:25 CEST.

Flavor Version Tinstall Tcheck Ttotal Status Flags
r-devel-linux-x86_64-debian-clang 0.2.12 28.97 763.54 792.51 OK
r-devel-linux-x86_64-debian-gcc 0.2.12 21.49 534.51 556.00 OK
r-devel-linux-x86_64-fedora-clang 0.2.12 991.42 OK
r-devel-linux-x86_64-fedora-gcc 0.2.12 998.07 OK
r-devel-windows-ix86+x86_64 0.2.12 88.00 639.00 727.00 OK
r-patched-linux-x86_64 0.2.12 24.78 791.27 816.05 OK
r-patched-solaris-x86 0.2.12 1454.40 OK
r-release-linux-x86_64 0.2.12 26.16 793.46 819.62 OK
r-release-windows-ix86+x86_64 0.2.12 60.00 526.00 586.00 OK
r-release-osx-x86_64 0.2.12 OK
r-oldrel-windows-ix86+x86_64 0.2.12 57.00 533.00 590.00 ERROR
r-oldrel-osx-x86_64 0.2.12 ERROR

Check Details

Version: 0.2.12
Check: running tests for arch ‘i386’
Result: ERROR
     Running 'testthat.R' [6s]
    Running the tests in 'tests/testthat.R' failed.
    Complete output:
     > library(testthat)
     > library(RTransferEntropy)
     >
     > test_check("RTransferEntropy")
     -- 1. Failure: transfer_entropy shannon is correctly specified (@test.transfer_e
     `res` not equal to 0.1052938.
     1/1 mismatches
     [1] 0.105 - 0.105 == -7e-06
    
     -- 2. Failure: transfer_entropy shannon is correctly specified (@test.transfer_e
     `res` not equal to 0.001819.
     1/1 mismatches
     [1] 0.00187 - 0.00182 == 5.45e-05
    
     -- 3. Failure: transfer_entropy shannon is correctly specified (@test.transfer_e
     `coefs` not equal to `exp_coefs`.
     4/8 mismatches (average diff: 0.000328)
     [3] 0.10515 - 0.10472 == 0.000427
     [4] 0.00236 - 0.00214 == 0.000220
     [5] 0.00430 - 0.00388 == 0.000411
     [6] 0.00249 - 0.00274 == -0.000253
    
     -- 4. Failure: transfer_entropy renyi is correctly specified (@test.transfer_ent
     `res` not equal to -0.072464.
     1/1 mismatches
     [1] -0.0745 - -0.0725 == -0.00204
    
     -- 5. Failure: transfer_entropy renyi is correctly specified (@test.transfer_ent
     `res` not equal to -0.169475.
     1/1 mismatches
     [1] -0.174 - -0.169 == -0.00457
    
     -- 6. Failure: transfer_entropy renyi is correctly specified (@test.transfer_ent
     `coefs` not equal to `exp_coefs`.
     6/8 mismatches (average diff: 0.104)
     [3] 0.0434 - 0.0451 == -0.00165
     [4] -0.0345 - -0.0370 == 0.00250
     [5] 0.0416 - 0.0280 == 0.01359
     [6] 0.0394 - 0.0428 == -0.00345
     [7] 0.4000 - 0.0000 == 0.40000
     [8] 0.6000 - 0.8000 == -0.20000
    
     == testthat results ===========================================================
     [ OK: 58 | SKIPPED: 0 | WARNINGS: 0 | FAILED: 6 ]
     1. Failure: transfer_entropy shannon is correctly specified (@test.transfer_entropy.R#36)
     2. Failure: transfer_entropy shannon is correctly specified (@test.transfer_entropy.R#42)
     3. Failure: transfer_entropy shannon is correctly specified (@test.transfer_entropy.R#77)
     4. Failure: transfer_entropy renyi is correctly specified (@test.transfer_entropy.R#113)
     5. Failure: transfer_entropy renyi is correctly specified (@test.transfer_entropy.R#119)
     6. Failure: transfer_entropy renyi is correctly specified (@test.transfer_entropy.R#154)
    
     Error: testthat unit tests failed
     Execution halted
Flavor: r-oldrel-windows-ix86+x86_64

Version: 0.2.12
Check: running tests for arch ‘x64’
Result: ERROR
     Running 'testthat.R' [9s]
    Running the tests in 'tests/testthat.R' failed.
    Complete output:
     > library(testthat)
     > library(RTransferEntropy)
     >
     > test_check("RTransferEntropy")
     -- 1. Failure: transfer_entropy shannon is correctly specified (@test.transfer_e
     `res` not equal to 0.1052938.
     1/1 mismatches
     [1] 0.105 - 0.105 == -7e-06
    
     -- 2. Failure: transfer_entropy shannon is correctly specified (@test.transfer_e
     `res` not equal to 0.001819.
     1/1 mismatches
     [1] 0.00187 - 0.00182 == 5.45e-05
    
     -- 3. Failure: transfer_entropy shannon is correctly specified (@test.transfer_e
     `coefs` not equal to `exp_coefs`.
     4/8 mismatches (average diff: 0.000328)
     [3] 0.10515 - 0.10472 == 0.000427
     [4] 0.00236 - 0.00214 == 0.000220
     [5] 0.00430 - 0.00388 == 0.000411
     [6] 0.00249 - 0.00274 == -0.000253
    
     -- 4. Failure: transfer_entropy renyi is correctly specified (@test.transfer_ent
     `res` not equal to -0.072464.
     1/1 mismatches
     [1] -0.0745 - -0.0725 == -0.00204
    
     -- 5. Failure: transfer_entropy renyi is correctly specified (@test.transfer_ent
     `res` not equal to -0.169475.
     1/1 mismatches
     [1] -0.174 - -0.169 == -0.00457
    
     -- 6. Failure: transfer_entropy renyi is correctly specified (@test.transfer_ent
     `coefs` not equal to `exp_coefs`.
     6/8 mismatches (average diff: 0.104)
     [3] 0.0434 - 0.0451 == -0.00165
     [4] -0.0345 - -0.0370 == 0.00250
     [5] 0.0416 - 0.0280 == 0.01359
     [6] 0.0394 - 0.0428 == -0.00345
     [7] 0.4000 - 0.0000 == 0.40000
     [8] 0.6000 - 0.8000 == -0.20000
    
     == testthat results ===========================================================
     [ OK: 58 | SKIPPED: 0 | WARNINGS: 0 | FAILED: 6 ]
     1. Failure: transfer_entropy shannon is correctly specified (@test.transfer_entropy.R#36)
     2. Failure: transfer_entropy shannon is correctly specified (@test.transfer_entropy.R#42)
     3. Failure: transfer_entropy shannon is correctly specified (@test.transfer_entropy.R#77)
     4. Failure: transfer_entropy renyi is correctly specified (@test.transfer_entropy.R#113)
     5. Failure: transfer_entropy renyi is correctly specified (@test.transfer_entropy.R#119)
     6. Failure: transfer_entropy renyi is correctly specified (@test.transfer_entropy.R#154)
    
     Error: testthat unit tests failed
     Execution halted
Flavor: r-oldrel-windows-ix86+x86_64

Version: 0.2.12
Check: tests
Result: ERROR
     Running ‘testthat.R’ [5s/5s]
    Running the tests in ‘tests/testthat.R’ failed.
    Last 13 lines of output:
     [6] 0.0394 - 0.0428 == -0.00345
     [7] 0.4000 - 0.0000 == 0.40000
     [8] 0.6000 - 0.8000 == -0.20000
    
     ══ testthat results ═══════════════════════════════════════════════════════════
     [ OK: 58 | SKIPPED: 0 | WARNINGS: 0 | FAILED: 6 ]
     1. Failure: transfer_entropy shannon is correctly specified (@test.transfer_entropy.R#36)
     2. Failure: transfer_entropy shannon is correctly specified (@test.transfer_entropy.R#42)
     3. Failure: transfer_entropy shannon is correctly specified (@test.transfer_entropy.R#77)
     4. Failure: transfer_entropy renyi is correctly specified (@test.transfer_entropy.R#113)
     5. Failure: transfer_entropy renyi is correctly specified (@test.transfer_entropy.R#119)
     6. Failure: transfer_entropy renyi is correctly specified (@test.transfer_entropy.R#154)
    
     Error: testthat unit tests failed
     Execution halted
Flavor: r-oldrel-osx-x86_64