CRAN Package Check Results for Package RUnit

Last updated on 2019-03-24 08:48:48 CET.

Flavor Version Tinstall Tcheck Ttotal Status Flags
r-devel-linux-x86_64-debian-clang 0.4.32 3.26 30.61 33.87 OK
r-devel-linux-x86_64-debian-gcc 0.4.32 2.78 24.24 27.02 OK
r-devel-linux-x86_64-fedora-clang 0.4.32 40.99 OK
r-devel-linux-x86_64-fedora-gcc 0.4.32 39.14 OK
r-devel-windows-ix86+x86_64 0.4.32 8.00 69.00 77.00 OK
r-patched-linux-x86_64 0.4.32 2.38 28.68 31.06 OK
r-patched-solaris-x86 0.4.32 55.20 OK
r-release-linux-x86_64 0.4.32 0.36 2.42 2.78 ERROR
r-release-windows-ix86+x86_64 0.4.32 5.00 46.00 51.00 OK
r-release-osx-x86_64 0.4.32 OK
r-oldrel-windows-ix86+x86_64 0.4.32 5.00 63.00 68.00 OK
r-oldrel-osx-x86_64 0.4.32 OK

Check Details

Version: 0.4.32
Check: whether package can be installed
Result: ERROR
    Installation failed.
Flavor: r-release-linux-x86_64