CRAN Package Check Results for Package RVerbalExpressions

Last updated on 2024-02-28 20:53:34 CET.

Flavor Version Tinstall Tcheck Ttotal Status Flags
r-devel-linux-x86_64-debian-clang 0.1.0 2.68 31.33 34.01 NOTE
r-devel-linux-x86_64-debian-gcc 0.1.0 2.18 24.49 26.67 NOTE
r-devel-linux-x86_64-fedora-clang 0.1.0 45.47 NOTE
r-devel-linux-x86_64-fedora-gcc 0.1.0 53.70 NOTE
r-devel-windows-x86_64 0.1.0 3.00 51.00 54.00 NOTE
r-patched-linux-x86_64 0.1.0 3.42 31.03 34.45 NOTE
r-release-linux-x86_64 0.1.0 2.59 31.01 33.60 NOTE
r-release-macos-arm64 0.1.0 25.00 NOTE
r-release-macos-x86_64 0.1.0 37.00 NOTE
r-release-windows-x86_64 0.1.0 4.00 59.00 63.00 NOTE
r-oldrel-macos-arm64 0.1.0 21.00 NOTE
r-oldrel-windows-x86_64 0.1.0 5.00 51.00 56.00 NOTE

Check Details

Version: 0.1.0
Check: LazyData
Result: NOTE 'LazyData' is specified without a 'data' directory Flavors: r-devel-linux-x86_64-debian-clang, r-devel-linux-x86_64-debian-gcc, r-devel-linux-x86_64-fedora-clang, r-devel-linux-x86_64-fedora-gcc, r-devel-windows-x86_64, r-patched-linux-x86_64, r-release-linux-x86_64, r-release-macos-arm64, r-release-macos-x86_64, r-release-windows-x86_64, r-oldrel-macos-arm64, r-oldrel-windows-x86_64