CRAN Package Check Results for Package RWBP

Last updated on 2018-08-21 06:50:24 CEST.

Flavor Version Tinstall Tcheck Ttotal Status Flags
r-devel-linux-x86_64-debian-clang 1.0 1.36 26.80 28.16 NOTE
r-devel-linux-x86_64-debian-gcc 1.0 1.10 21.28 22.38 NOTE
r-devel-linux-x86_64-fedora-clang 1.0 32.78 NOTE
r-devel-linux-x86_64-fedora-gcc 1.0 31.27 NOTE
r-devel-windows-ix86+x86_64 1.0 4.00 50.00 54.00 NOTE
r-patched-linux-x86_64 1.0 1.27 24.55 25.82 NOTE
r-patched-solaris-x86 1.0 55.20 NOTE
r-release-linux-x86_64 1.0 1.13 24.21 25.34 NOTE
r-release-windows-ix86+x86_64 1.0 5.00 36.00 41.00 NOTE
r-release-osx-x86_64 1.0 NOTE
r-oldrel-windows-ix86+x86_64 1.0 2.00 50.00 52.00 NOTE
r-oldrel-osx-x86_64 1.0 NOTE

Check Details

Version: 1.0
Check: R code for possible problems
Result: NOTE
    RWBP.default: no visible global function definition for ‘na.omit’
    RWBP.default: no visible global function definition for ‘kmeans’
    RWBP.formula: no visible global function definition for ‘model.extract’
    plot.RWBP: no visible global function definition for ‘plot’
    predict.RWBP: no visible global function definition for ‘head’
    Undefined global functions or variables:
     head kmeans model.extract na.omit plot
    Consider adding
     importFrom("graphics", "plot")
     importFrom("stats", "kmeans", "model.extract", "na.omit")
     importFrom("utils", "head")
    to your NAMESPACE file.
Flavors: r-devel-linux-x86_64-debian-clang, r-devel-linux-x86_64-debian-gcc, r-devel-linux-x86_64-fedora-clang, r-devel-linux-x86_64-fedora-gcc, r-devel-windows-ix86+x86_64, r-patched-linux-x86_64, r-patched-solaris-x86, r-release-linux-x86_64, r-release-windows-ix86+x86_64, r-release-osx-x86_64, r-oldrel-windows-ix86+x86_64, r-oldrel-osx-x86_64