CRAN Package Check Results for Package RaSEn

Last updated on 2021-04-15 03:49:35 CEST.

Flavor Version Tinstall Tcheck Ttotal Status Flags
r-devel-linux-x86_64-debian-clang 2.0.0 17.33 234.50 251.83 NOTE
r-devel-linux-x86_64-debian-gcc 2.0.0 13.86 171.05 184.91 NOTE
r-devel-linux-x86_64-fedora-clang 2.0.0 317.49 NOTE
r-devel-linux-x86_64-fedora-gcc 2.0.0 308.89 NOTE
r-devel-windows-ix86+x86_64 2.0.0 40.00 285.00 325.00 NOTE
r-devel-windows-x86_64-gcc10-UCRT 2.0.0 NOTE
r-patched-linux-x86_64 2.0.0 13.94 215.35 229.29 OK
r-patched-solaris-x86 2.0.0 405.70 OK
r-release-linux-x86_64 2.0.0 17.21 216.86 234.07 OK
r-release-macos-x86_64 2.0.0 OK
r-release-windows-ix86+x86_64 2.0.0 41.00 314.00 355.00 OK
r-oldrel-macos-x86_64 2.0.0 OK
r-oldrel-windows-ix86+x86_64 2.0.0 23.00 195.00 218.00 OK

Check Details

Version: 2.0.0
Check: LazyData
Result: NOTE
     'LazyData' is specified without a 'data' directory
Flavors: r-devel-linux-x86_64-debian-clang, r-devel-linux-x86_64-debian-gcc, r-devel-linux-x86_64-fedora-clang, r-devel-linux-x86_64-fedora-gcc, r-devel-windows-ix86+x86_64, r-devel-windows-x86_64-gcc10-UCRT

Version: 2.0.0
Check: Rd cross-references
Result: NOTE
    Undeclared package ‘glmnet’ in Rd xrefs
Flavor: r-devel-linux-x86_64-fedora-clang