CRAN Package Check Results for Package RaceID

Last updated on 2022-11-26 10:58:07 CET.

Flavor Version Tinstall Tcheck Ttotal Status Flags
r-devel-linux-x86_64-debian-clang 0.2.8 49.46 405.20 454.66 OK
r-devel-linux-x86_64-debian-gcc 0.2.8 41.33 286.04 327.37 OK
r-devel-linux-x86_64-fedora-clang 0.2.8 605.20 NOTE
r-devel-windows-x86_64 0.2.8 58.00 604.00 662.00 NOTE
r-patched-linux-x86_64 0.2.8 OK
r-release-linux-x86_64 0.2.8 48.96 383.32 432.28 OK
r-release-macos-arm64 0.2.8 229.00 NOTE
r-release-macos-x86_64 0.2.8 250.00 NOTE
r-release-windows-x86_64 0.2.7 97.00 618.00 715.00 NOTE
r-oldrel-macos-arm64 0.2.8 210.00 NOTE
r-oldrel-macos-x86_64 0.2.8 247.00 NOTE
r-oldrel-windows-ix86+x86_64 0.2.8 117.00 767.00 884.00 NOTE

Check Details

Version: 0.2.8
Check: package dependencies
Result: NOTE
    Imports includes 25 non-default packages.
    Importing from so many packages makes the package vulnerable to any of
    them becoming unavailable. Move as many as possible to Suggests and
    use conditionally.
Flavor: r-devel-linux-x86_64-fedora-clang

Version: 0.2.8
Check: installed package size
Result: NOTE
     installed size is 9.7Mb
     sub-directories of 1Mb or more:
     data 2.1Mb
     doc 6.6Mb
Flavors: r-devel-linux-x86_64-fedora-clang, r-devel-windows-x86_64, r-release-macos-arm64, r-release-macos-x86_64, r-oldrel-macos-arm64, r-oldrel-macos-x86_64, r-oldrel-windows-ix86+x86_64

Version: 0.2.8
Check: package dependencies
Result: NOTE
    Package suggested but not available for checking: ‘slingshot’
Flavors: r-release-macos-arm64, r-release-macos-x86_64, r-oldrel-macos-arm64, r-oldrel-macos-x86_64

Version: 0.2.7
Check: installed package size
Result: NOTE
     installed size is 10.5Mb
     sub-directories of 1Mb or more:
     data 2.1Mb
     doc 6.6Mb
     libs 1.1Mb
Flavor: r-release-windows-x86_64