Last updated on 2021-02-26 05:48:36 CET.
Flavor | Version | Tinstall | Tcheck | Ttotal | Status | Flags |
---|---|---|---|---|---|---|
r-devel-linux-x86_64-debian-clang | 0.2.2 | 47.91 | 588.43 | 636.34 | OK | |
r-devel-linux-x86_64-debian-gcc | 0.2.2 | 32.87 | 407.84 | 440.71 | OK | |
r-devel-linux-x86_64-fedora-clang | 0.2.2 | 787.47 | NOTE | |||
r-devel-linux-x86_64-fedora-gcc | 0.2.2 | 741.20 | NOTE | |||
r-devel-windows-ix86+x86_64 | 0.2.2 | 72.00 | 647.00 | 719.00 | NOTE | |
r-patched-linux-x86_64 | 0.2.2 | 37.99 | 556.47 | 594.46 | OK | |
r-patched-solaris-x86 | 0.2.2 | 1200.60 | NOTE | |||
r-release-linux-x86_64 | 0.2.2 | 37.03 | 559.79 | 596.82 | OK | |
r-release-macos-x86_64 | 0.2.2 | NOTE | ||||
r-release-windows-ix86+x86_64 | 0.2.2 | 112.00 | 888.00 | 1000.00 | NOTE | |
r-oldrel-macos-x86_64 | 0.2.2 | NOTE | ||||
r-oldrel-windows-ix86+x86_64 | 0.2.2 | 70.00 | 867.00 | 937.00 | NOTE |
Version: 0.2.2
Check: package dependencies
Result: NOTE
Package suggested but not available for checking: ‘batchelor’
Imports includes 21 non-default packages.
Importing from so many packages makes the package vulnerable to any of
them becoming unavailable. Move as many as possible to Suggests and
use conditionally.
Flavor: r-devel-linux-x86_64-fedora-clang
Version: 0.2.2
Check: installed package size
Result: NOTE
installed size is 9.8Mb
sub-directories of 1Mb or more:
data 2.1Mb
doc 5.8Mb
libs 1.3Mb
Flavors: r-devel-linux-x86_64-fedora-clang, r-devel-windows-ix86+x86_64, r-patched-solaris-x86, r-release-macos-x86_64, r-release-windows-ix86+x86_64, r-oldrel-macos-x86_64, r-oldrel-windows-ix86+x86_64
Version: 0.2.2
Check: package dependencies
Result: NOTE
Package suggested but not available for checking: ‘batchelor’
Flavors: r-devel-linux-x86_64-fedora-gcc, r-patched-solaris-x86, r-oldrel-macos-x86_64
Version: 0.2.2
Check: package dependencies
Result: NOTE
Packages suggested but not available for checking: 'batchelor', 'destiny'
Flavor: r-release-macos-x86_64