CRAN Package Check Results for Package RadioGx

Last updated on 2020-02-20 19:48:35 CET.

Flavor Version Tinstall Tcheck Ttotal Status Flags
r-devel-linux-x86_64-debian-clang 0.0.2 26.86 175.24 202.10 OK
r-devel-linux-x86_64-debian-gcc 0.0.2 23.30 139.47 162.77 OK
r-devel-linux-x86_64-fedora-clang 0.0.2 262.71 NOTE
r-devel-linux-x86_64-fedora-gcc 0.0.2 246.54 NOTE
r-devel-windows-ix86+x86_64 0.0.2 42.00 170.00 212.00 OK
r-devel-windows-ix86+x86_64-gcc8 0.0.2 69.00 238.00 307.00 OK
r-patched-linux-x86_64 0.0.2 21.29 149.80 171.09 OK
r-patched-solaris-x86 0.0.2 341.50 NOTE
r-release-linux-x86_64 0.0.2 23.43 148.83 172.26 OK
r-release-windows-ix86+x86_64 0.0.2 38.00 169.00 207.00 OK
r-release-osx-x86_64 0.0.2 WARN
r-oldrel-windows-ix86+x86_64 0.0.2 23.00 161.00 184.00 OK
r-oldrel-osx-x86_64 0.0.2 ERROR

Check Details

Version: 0.0.2
Check: dependencies in R code
Result: NOTE
    Namespaces in Imports field not imported from:
     ‘KernSmooth’ ‘Matrix’ ‘PharmacoGx’ ‘cluster’
     All declared Imports should be used.
Flavors: r-devel-linux-x86_64-fedora-clang, r-devel-linux-x86_64-fedora-gcc, r-patched-solaris-x86

Version: 0.0.2
Check: data for non-ASCII characters
Result: NOTE
     Note: found 26 marked UTF-8 strings
Flavors: r-devel-linux-x86_64-fedora-clang, r-devel-linux-x86_64-fedora-gcc, r-patched-solaris-x86

Version: 0.0.2
Check: dependencies in R code
Result: NOTE
    No protocol specified
    No protocol specified
    Namespaces in Imports field not imported from:
     ‘KernSmooth’ ‘Matrix’ ‘PharmacoGx’ ‘cluster’
     All declared Imports should be used.
Flavor: r-release-osx-x86_64

Version: 0.0.2
Check: S3 generic/method consistency
Result: WARN
    No protocol specified
    No protocol specified
    See section ‘Generic functions and methods’ in the ‘Writing R
    Extensions’ manual.
Flavor: r-release-osx-x86_64

Version: 0.0.2
Check: replacement functions
Result: WARN
    No protocol specified
    No protocol specified
    The argument of a replacement function which corresponds to the right
    hand side must be named ‘value’.
Flavor: r-release-osx-x86_64

Version: 0.0.2
Check: foreign function calls
Result: NOTE
    No protocol specified
    No protocol specified
    See chapter ‘System and foreign language interfaces’ in the ‘Writing R
    Extensions’ manual.
Flavor: r-release-osx-x86_64

Version: 0.0.2
Check: R code for possible problems
Result: NOTE
    No protocol specified
    No protocol specified
Flavor: r-release-osx-x86_64

Version: 0.0.2
Check: for missing documentation entries
Result: WARN
    No protocol specified
    No protocol specified
    All user-level objects in a package should have documentation entries.
    See chapter ‘Writing R documentation files’ in the ‘Writing R
    Extensions’ manual.
Flavor: r-release-osx-x86_64

Version: 0.0.2
Check: for code/documentation mismatches
Result: WARN
    No protocol specified
    No protocol specified
    No protocol specified
    No protocol specified
    No protocol specified
    No protocol specified
Flavor: r-release-osx-x86_64

Version: 0.0.2
Check: Rd \usage sections
Result: NOTE
    No protocol specified
    No protocol specified
    The \usage entries for S3 methods should use the \method markup and not
    their full name.
    See chapter ‘Writing R documentation files’ in the ‘Writing R
    Extensions’ manual.
Flavor: r-release-osx-x86_64

Version: 0.0.2
Check: data for non-ASCII characters
Result: NOTE
     No protocol specified
     No protocol specified
     Note: found 26 marked UTF-8 strings
Flavor: r-release-osx-x86_64

Version: 0.0.2
Check: package dependencies
Result: ERROR
    Packages required but not available: ‘CoreGx’ ‘PharmacoGx’
    
    See section ‘The DESCRIPTION file’ in the ‘Writing R Extensions’
    manual.
Flavor: r-oldrel-osx-x86_64