CRAN Package Check Results for Package Rblpapi

Last updated on 2021-03-07 21:48:57 CET.

Flavor Version Tinstall Tcheck Ttotal Status Flags
r-devel-linux-x86_64-debian-clang 0.3.10 160.78 32.28 193.06 NOTE
r-devel-linux-x86_64-debian-gcc 0.3.10 99.35 24.99 124.34 NOTE
r-devel-linux-x86_64-fedora-clang 0.3.10 284.23 NOTE
r-devel-linux-x86_64-fedora-gcc 0.3.10 240.49 NOTE
r-devel-windows-ix86+x86_64 0.3.10 357.00 137.00 494.00 NOTE
r-devel-windows-x86_64-gcc10-UCRT 0.3.10 WARN
r-patched-linux-x86_64 0.3.10 118.83 31.03 149.86 NOTE
r-release-linux-x86_64 0.3.10 121.27 31.05 152.32 NOTE
r-release-macos-x86_64 0.3.10 NOTE
r-release-windows-ix86+x86_64 0.3.10 355.00 113.00 468.00 NOTE
r-oldrel-macos-x86_64 0.3.10 NOTE
r-oldrel-windows-ix86+x86_64 0.3.10 336.00 128.00 464.00 NOTE

Check Details

Version: 0.3.10
Check: whether package can be installed
Result: NOTE
    Found the following notes/warnings:
     Non-staged installation was used
Flavors: r-devel-linux-x86_64-debian-clang, r-devel-linux-x86_64-debian-gcc, r-devel-linux-x86_64-fedora-clang, r-devel-linux-x86_64-fedora-gcc, r-devel-windows-ix86+x86_64, r-devel-windows-x86_64-gcc10-UCRT, r-patched-linux-x86_64, r-release-linux-x86_64, r-release-macos-x86_64, r-release-windows-ix86+x86_64, r-oldrel-macos-x86_64, r-oldrel-windows-ix86+x86_64

Version: 0.3.10
Check: installed package size
Result: NOTE
     installed size is 16.1Mb
     sub-directories of 1Mb or more:
     blp 7.1Mb
     libs 8.0Mb
Flavors: r-devel-linux-x86_64-fedora-clang, r-devel-windows-ix86+x86_64, r-release-macos-x86_64, r-release-windows-ix86+x86_64, r-oldrel-macos-x86_64, r-oldrel-windows-ix86+x86_64

Version: 0.3.10
Check: top-level files
Result: NOTE
    ‘configure’: /bin/bash is not portable
Flavors: r-devel-linux-x86_64-fedora-clang, r-devel-linux-x86_64-fedora-gcc

Version: 0.3.10
Check: package subdirectories
Result: WARN
    Found the following non-empty subdirectories of 'inst' also used by R:
     inst/libs
    It is recommended not to interfere with package subdirectories used by
    R.
Flavor: r-devel-windows-x86_64-gcc10-UCRT

Version: 0.3.10
Check: line endings in C/C++/Fortran sources/headers
Result: NOTE
    Found the following sources/headers with CR or CRLF line endings:
     inst/include/blpapi_versioninfo.h
    Some Unix compilers require LF line endings.
Flavor: r-devel-windows-x86_64-gcc10-UCRT