CRAN Package Check Results for Package RcmdrMisc

Last updated on 2019-04-20 16:50:01 CEST.

Flavor Version Tinstall Tcheck Ttotal Status Flags
r-devel-linux-x86_64-debian-clang 2.5-1 10.55 88.71 99.26 OK
r-devel-linux-x86_64-debian-gcc 2.5-1 9.88 71.89 81.77 OK
r-devel-linux-x86_64-fedora-clang 2.5-1 116.82 OK
r-devel-linux-x86_64-fedora-gcc 2.5-1 110.13 OK
r-devel-windows-ix86+x86_64 2.5-1 34.00 156.00 190.00 OK
r-patched-linux-x86_64 2.5-1 10.47 85.80 96.27 OK
r-patched-solaris-x86 2.5-1 187.40 OK
r-release-linux-x86_64 2.5-1 7.29 84.36 91.65 OK
r-release-windows-ix86+x86_64 2.5-1 17.00 149.00 166.00 OK
r-release-osx-x86_64 2.5-1 OK
r-oldrel-windows-ix86+x86_64 2.5-0 25.00 93.00 118.00 ERROR
r-oldrel-osx-x86_64 2.5-1 ERROR

Check Details

Version: 2.5-0
Check: R code for possible problems
Result: NOTE
    indexplot: no visible global function definition for 'isFALSE'
    Undefined global functions or variables:
     isFALSE
Flavor: r-oldrel-windows-ix86+x86_64

Version: 2.5-0
Check: examples
Result: ERROR
    Running examples in 'RcmdrMisc-Ex.R' failed
    The error most likely occurred in:
    
    > ### Name: indexplot
    > ### Title: Index Plots
    > ### Aliases: indexplot
    > ### Keywords: hplot
    >
    > ### ** Examples
    >
    > if (require("car")){
    + with(Prestige, indexplot(income, id.n=2, labels=rownames(Prestige)))
    + indexplot(Prestige[, c("income", "education", "prestige")],
    + groups = Prestige$type, id.n=2)
    + }
    Error in isFALSE(legend) : could not find function "isFALSE"
    Calls: with -> with.default -> eval -> eval -> indexplot
    Execution halted
Flavor: r-oldrel-windows-ix86+x86_64

Version: 2.5-1
Check: whether package can be installed
Result: ERROR
    Installation failed.
Flavor: r-oldrel-osx-x86_64