CRAN Package Check Results for Package RcmdrMisc

Last updated on 2019-01-22 05:49:25 CET.

Flavor Version Tinstall Tcheck Ttotal Status Flags
r-devel-linux-x86_64-debian-clang 2.5-1 9.16 91.72 100.88 OK
r-devel-linux-x86_64-debian-gcc 2.5-1 6.87 68.67 75.54 OK
r-devel-linux-x86_64-fedora-clang 2.5-1 116.48 OK
r-devel-linux-x86_64-fedora-gcc 2.5-1 107.54 OK
r-devel-windows-ix86+x86_64 2.5-1 22.00 154.00 176.00 OK
r-patched-linux-x86_64 2.5-1 7.74 84.15 91.89 OK
r-patched-solaris-x86 2.5-1 177.30 OK
r-release-linux-x86_64 2.5-1 7.95 83.87 91.82 OK
r-release-windows-ix86+x86_64 2.5-1 24.00 156.00 180.00 OK
r-release-osx-x86_64 2.5-1 OK
r-oldrel-windows-ix86+x86_64 2.5-0 25.00 93.00 118.00 ERROR
r-oldrel-osx-x86_64 2.5-1 ERROR

Check Details

Version: 2.5-0
Check: R code for possible problems
Result: NOTE
    indexplot: no visible global function definition for 'isFALSE'
    Undefined global functions or variables:
     isFALSE
Flavor: r-oldrel-windows-ix86+x86_64

Version: 2.5-0
Check: examples
Result: ERROR
    Running examples in 'RcmdrMisc-Ex.R' failed
    The error most likely occurred in:
    
    > ### Name: indexplot
    > ### Title: Index Plots
    > ### Aliases: indexplot
    > ### Keywords: hplot
    >
    > ### ** Examples
    >
    > if (require("car")){
    + with(Prestige, indexplot(income, id.n=2, labels=rownames(Prestige)))
    + indexplot(Prestige[, c("income", "education", "prestige")],
    + groups = Prestige$type, id.n=2)
    + }
    Error in isFALSE(legend) : could not find function "isFALSE"
    Calls: with -> with.default -> eval -> eval -> indexplot
    Execution halted
Flavor: r-oldrel-windows-ix86+x86_64

Version: 2.5-1
Check: whether package can be installed
Result: ERROR
    Installation failed.
Flavor: r-oldrel-osx-x86_64