CRAN Package Check Results for Package RcmdrPlugin.FuzzyClust

Last updated on 2020-02-24 14:48:14 CET.

Flavor Version Tinstall Tcheck Ttotal Status Flags
r-devel-linux-x86_64-debian-clang 1.1 17.09 149.75 166.84 NOTE
r-devel-linux-x86_64-debian-gcc 1.1 14.08 112.05 126.13 NOTE
r-devel-linux-x86_64-fedora-clang 1.1 198.51 NOTE
r-devel-linux-x86_64-fedora-gcc 1.1 196.91 NOTE
r-devel-windows-ix86+x86_64 1.1 45.00 176.00 221.00 NOTE
r-devel-windows-ix86+x86_64-gcc8 1.1 62.00 288.00 350.00 NOTE
r-patched-linux-x86_64 1.1 NOTE
r-patched-solaris-x86 1.1 329.40 NOTE
r-release-linux-x86_64 1.1 14.23 129.91 144.14 NOTE
r-release-windows-ix86+x86_64 1.1 40.00 155.00 195.00 NOTE
r-release-osx-x86_64 1.1 FAIL
r-oldrel-windows-ix86+x86_64 1.1 47.00 155.00 202.00 NOTE
r-oldrel-osx-x86_64 1.1 OK

Check Details

Version: 1.1
Check: R code for possible problems
Result: NOTE
    managedata: no visible binding for global variable 'data'
    Undefined global functions or variables:
     data
    Consider adding
     importFrom("utils", "data")
    to your NAMESPACE file.
Flavors: r-devel-linux-x86_64-debian-clang, r-devel-linux-x86_64-debian-gcc, r-devel-linux-x86_64-fedora-clang, r-devel-linux-x86_64-fedora-gcc, r-devel-windows-ix86+x86_64, r-devel-windows-ix86+x86_64-gcc8, r-patched-linux-x86_64, r-patched-solaris-x86, r-release-linux-x86_64, r-release-windows-ix86+x86_64, r-oldrel-windows-ix86+x86_64

Version: 1.1
Check: whether package can be installed
Result: FAIL
Flavor: r-release-osx-x86_64