Last updated on 2022-07-01 00:49:43 CEST.
Flavor | Version | Tinstall | Tcheck | Ttotal | Status | Flags |
---|---|---|---|---|---|---|
r-devel-linux-x86_64-debian-clang | 0.0-2 | 22.04 | 152.84 | 174.88 | NOTE | |
r-devel-linux-x86_64-debian-gcc | 0.0-2 | 16.67 | 112.33 | 129.00 | NOTE | |
r-devel-linux-x86_64-fedora-clang | 0.0-2 | 221.60 | NOTE | |||
r-devel-linux-x86_64-fedora-gcc | 0.0-2 | 220.18 | NOTE | |||
r-devel-windows-x86_64 | 0.0-2 | 82.00 | 167.00 | 249.00 | NOTE | |
r-patched-linux-x86_64 | 0.0-2 | 27.58 | 157.59 | 185.17 | OK | |
r-release-linux-x86_64 | 0.0-2 | 25.67 | 158.99 | 184.66 | OK | |
r-release-macos-arm64 | 0.0-2 | 84.00 | OK | |||
r-release-macos-x86_64 | 0.0-2 | 193.00 | OK | |||
r-release-windows-x86_64 | 0.0-2 | 42.00 | 192.00 | 234.00 | OK | |
r-oldrel-macos-arm64 | 0.0-2 | 86.00 | OK | |||
r-oldrel-macos-x86_64 | 0.0-2 | 151.00 | OK | |||
r-oldrel-windows-ix86+x86_64 | 0.0-2 | 47.00 | 180.00 | 227.00 | OK |
Version: 0.0-2
Check: Rd files
Result: NOTE
checkRd: (-1) RcmdrPlugin.MA-package.Rd:21: Escaped LaTeX specials: \&
checkRd: (-1) RcmdrPlugin.MA-package.Rd:23: Escaped LaTeX specials: \&
Flavors: r-devel-linux-x86_64-debian-clang, r-devel-linux-x86_64-debian-gcc, r-devel-linux-x86_64-fedora-clang, r-devel-linux-x86_64-fedora-gcc, r-devel-windows-x86_64