CRAN Package Check Results for Package RcmdrPlugin.NMBU

Last updated on 2018-08-22 04:49:19 CEST.

Flavor Version Tinstall Tcheck Ttotal Status Flags
r-devel-linux-x86_64-debian-clang 1.8.8 17.92 126.14 144.06 NOTE
r-devel-linux-x86_64-debian-gcc 1.8.8 15.01 99.79 114.80 NOTE
r-devel-linux-x86_64-fedora-clang 1.8.8 172.27 NOTE
r-devel-linux-x86_64-fedora-gcc 1.8.8 166.25 NOTE
r-devel-windows-ix86+x86_64 1.8.8 50.00 147.00 197.00 OK
r-patched-linux-x86_64 1.8.8 15.09 108.70 123.79 NOTE
r-patched-solaris-x86 1.8.8 244.60 NOTE
r-release-linux-x86_64 1.8.8 17.19 109.59 126.78 NOTE
r-release-windows-ix86+x86_64 1.8.8 47.00 170.00 217.00 OK
r-release-osx-x86_64 1.8.8 OK
r-oldrel-windows-ix86+x86_64 1.8.8 22.00 113.00 135.00 OK
r-oldrel-osx-x86_64 1.8.8 OK

Check Details

Version: 1.8.8
Check: S3 generic/method consistency
Result: NOTE
    Found the following apparent S3 methods exported but not registered:
     Confint.mvr
    See section ‘Registering S3 methods’ in the ‘Writing R Extensions’
    manual.
Flavors: r-devel-linux-x86_64-debian-clang, r-devel-linux-x86_64-debian-gcc, r-devel-linux-x86_64-fedora-clang, r-devel-linux-x86_64-fedora-gcc, r-patched-linux-x86_64, r-patched-solaris-x86, r-release-linux-x86_64