CRAN Package Check Results for Package RcmdrPlugin.NMBU

Last updated on 2018-05-22 07:50:27 CEST.

Flavor Version Tinstall Tcheck Ttotal Status Flags
r-devel-linux-x86_64-debian-clang 1.8.8 17.68 108.39 126.07 NOTE
r-devel-linux-x86_64-debian-gcc 1.8.8 14.11 93.49 107.60 NOTE
r-devel-linux-x86_64-fedora-clang 1.8.8 168.43 NOTE
r-devel-linux-x86_64-fedora-gcc 1.8.8 164.29 NOTE
r-devel-windows-ix86+x86_64 1.8.8 50.00 137.00 187.00 OK
r-patched-linux-x86_64 1.8.8 15.04 106.42 121.46 NOTE
r-patched-solaris-x86 1.8.8 237.00 NOTE
r-release-linux-x86_64 1.8.8 16.16 103.89 120.05 NOTE
r-release-windows-ix86+x86_64 1.8.8 39.00 225.00 264.00 OK
r-release-osx-x86_64 1.8.8 OK
r-oldrel-windows-ix86+x86_64 1.8.8 40.00 194.00 234.00 OK
r-oldrel-osx-x86_64 1.8.8 OK

Check Details

Version: 1.8.8
Check: S3 generic/method consistency
Result: NOTE
    Found the following apparent S3 methods exported but not registered:
     Confint.mvr
    See section ‘Registering S3 methods’ in the ‘Writing R Extensions’
    manual.
Flavors: r-devel-linux-x86_64-debian-clang, r-devel-linux-x86_64-debian-gcc, r-devel-linux-x86_64-fedora-clang, r-devel-linux-x86_64-fedora-gcc, r-patched-linux-x86_64, r-patched-solaris-x86, r-release-linux-x86_64