CRAN Package Check Results for Package RcmdrPlugin.temis

Last updated on 2022-09-27 11:51:23 CEST.

Flavor Version Tinstall Tcheck Ttotal Status Flags
r-devel-linux-x86_64-debian-clang 0.7.10 28.01 197.02 225.03 NOTE
r-devel-linux-x86_64-debian-gcc 0.7.10 23.07 143.46 166.53 NOTE
r-devel-linux-x86_64-fedora-clang 0.7.10 291.35 NOTE
r-devel-linux-x86_64-fedora-gcc 0.7.10 288.43 NOTE
r-devel-windows-x86_64 0.7.10 112.00 232.00 344.00 NOTE
r-patched-linux-x86_64 0.7.10 43.53 215.68 259.21 NOTE
r-release-linux-x86_64 0.7.10 34.77 213.50 248.27 NOTE
r-release-macos-arm64 0.7.10 127.00 NOTE
r-release-macos-x86_64 0.7.10 307.00 NOTE
r-release-windows-x86_64 0.7.10 207.00 231.00 438.00 NOTE
r-oldrel-macos-arm64 0.7.10 146.00 NOTE
r-oldrel-macos-x86_64 0.7.10 191.00 NOTE
r-oldrel-windows-ix86+x86_64 0.7.10 55.00 188.00 243.00 NOTE

Check Details

Version: 0.7.10
Check: package dependencies
Result: NOTE
    Package suggested but not available for checking: 'ROpenOffice'
Flavors: r-devel-linux-x86_64-debian-clang, r-devel-linux-x86_64-debian-gcc, r-devel-linux-x86_64-fedora-clang, r-devel-linux-x86_64-fedora-gcc, r-devel-windows-x86_64, r-patched-linux-x86_64, r-release-linux-x86_64, r-release-macos-arm64, r-release-macos-x86_64, r-release-windows-x86_64, r-oldrel-macos-x86_64, r-oldrel-windows-ix86+x86_64

Version: 0.7.10
Check: package dependencies
Result: NOTE
    Packages suggested but not available for checking: 'ROpenOffice', 'RODBC'
Flavor: r-oldrel-macos-arm64