CRAN Package Check Results for Package Rcompadre

Last updated on 2024-02-21 23:11:39 CET.

Flavor Version Tinstall Tcheck Ttotal Status Flags
r-devel-linux-x86_64-debian-clang 1.3.0 OK
r-devel-linux-x86_64-debian-gcc 1.3.0 11.48 175.80 187.28 OK
r-devel-linux-x86_64-fedora-clang 1.3.0 318.09 NOTE
r-devel-linux-x86_64-fedora-gcc 1.3.0 307.46 NOTE
r-devel-windows-x86_64 1.3.0 13.00 204.00 217.00 OK
r-patched-linux-x86_64 1.3.0 15.63 230.42 246.05 OK
r-release-linux-x86_64 1.3.0 14.62 231.42 246.04 OK
r-release-macos-arm64 1.3.0 126.00 OK
r-release-macos-x86_64 1.3.0 254.00 OK
r-release-windows-x86_64 1.3.0 17.00 251.00 268.00 OK
r-oldrel-macos-arm64 1.3.0 115.00 OK
r-oldrel-windows-x86_64 1.3.0 19.00 235.00 254.00 OK

Check Details

Version: 1.3.0
Check: data for non-ASCII characters
Result: NOTE Note: found 345 marked UTF-8 strings Flavors: r-devel-linux-x86_64-fedora-clang, r-devel-linux-x86_64-fedora-gcc