CRAN Package Check Results for Package Rcplex

Last updated on 2023-06-09 13:54:40 CEST.

Flavor Version Tinstall Tcheck Ttotal Status Flags
r-devel-linux-x86_64-debian-clang 0.3-6 2.53 26.89 29.42 OK --install=fake --no-examples --no-tests --no-vignettes
r-devel-linux-x86_64-debian-gcc 0.3-6 2.20 21.21 23.41 OK --install=fake --no-examples --no-tests --no-vignettes
r-devel-windows-x86_64 0.3-6 11.00 7.00 18.00 ERROR
r-patched-linux-x86_64 0.3-6 2.12 26.57 28.69 OK --install=fake --no-examples --no-tests --no-vignettes
r-release-linux-x86_64 0.3-6 2.21 26.02 28.23 OK --install=fake --no-examples --no-tests --no-vignettes
r-release-macos-arm64 0.3-6 7.00 ERROR
r-release-macos-x86_64 0.3-6 10.00 ERROR
r-release-windows-x86_64 0.3-5 3.00 7.00 10.00 ERROR
r-oldrel-macos-arm64 0.3-6 10.00 ERROR
r-oldrel-macos-x86_64 0.3-6 12.00 ERROR
r-oldrel-windows-x86_64 0.3-3 1.00 30.00 31.00 ERROR

Check Details

Version: 0.3-6
Check: whether package can be installed
Result: ERROR
    Installation failed.
Flavors: r-devel-windows-x86_64, r-release-macos-arm64, r-release-macos-x86_64, r-oldrel-macos-arm64, r-oldrel-macos-x86_64

Version: 0.3-5
Check: whether package can be installed
Result: ERROR
    Installation failed.
Flavor: r-release-windows-x86_64

Version: 0.3-3
Check: whether package can be installed
Result: ERROR
    Installation failed.
Flavor: r-oldrel-windows-x86_64