CRAN Package Check Results for Package Rcpp

Last updated on 2022-10-04 09:52:30 CEST.

Flavor Version Tinstall Tcheck Ttotal Status Flags
r-devel-linux-x86_64-debian-clang 1.0.9 57.24 79.89 137.13 OK
r-devel-linux-x86_64-debian-gcc 1.0.9 39.09 61.97 101.06 OK
r-devel-linux-x86_64-fedora-clang 1.0.9 210.40 NOTE
r-devel-linux-x86_64-fedora-gcc 1.0.9 193.30 NOTE
r-devel-windows-x86_64 1.0.9 509.00 250.00 759.00 NOTE
r-patched-linux-x86_64 1.0.9 49.33 76.32 125.65 OK
r-release-linux-x86_64 1.0.9 46.60 75.87 122.47 OK
r-release-macos-arm64 1.0.9 80.00 NOTE
r-release-macos-x86_64 1.0.9 112.00 NOTE
r-release-windows-x86_64 1.0.9 916.00 237.00 1153.00 NOTE
r-oldrel-macos-arm64 1.0.9 81.00 NOTE
r-oldrel-macos-x86_64 1.0.9 109.00 NOTE
r-oldrel-windows-ix86+x86_64 1.0.9 142.00 146.00 288.00 NOTE

Check Details

Version: 1.0.9
Check: installed package size
Result: NOTE
     installed size is 10.3Mb
     sub-directories of 1Mb or more:
     doc 1.2Mb
     include 6.4Mb
     tinytest 1.0Mb
Flavors: r-devel-linux-x86_64-fedora-clang, r-devel-windows-x86_64, r-release-macos-arm64, r-release-macos-x86_64, r-release-windows-x86_64, r-oldrel-macos-arm64, r-oldrel-macos-x86_64, r-oldrel-windows-ix86+x86_64

Version: 1.0.9
Check: foreign function calls
Result: NOTE
    Registration problem:
     symbol ‘symbol’ in the local frame:
     .Call(symbol)
    See chapter ‘System and foreign language interfaces’ in the ‘Writing R
    Extensions’ manual.
Flavors: r-devel-linux-x86_64-fedora-clang, r-devel-linux-x86_64-fedora-gcc