CRAN Package Check Results for Package Rcpp

Last updated on 2018-11-15 21:48:27 CET.

Flavor Version Tinstall Tcheck Ttotal Status Flags
r-devel-linux-x86_64-debian-clang 1.0.0 52.09 381.42 433.51 NOTE
r-devel-linux-x86_64-debian-gcc 1.0.0 33.78 293.43 327.21 NOTE
r-devel-linux-x86_64-fedora-clang 1.0.0 545.36 NOTE
r-devel-linux-x86_64-fedora-gcc 1.0.0 514.98 NOTE
r-devel-windows-ix86+x86_64 1.0.0 109.00 508.00 617.00 NOTE
r-patched-linux-x86_64 1.0.0 54.27 385.12 439.39 NOTE
r-patched-solaris-x86 1.0.0 278.00 NOTE
r-release-linux-x86_64 1.0.0 53.33 387.67 441.00 NOTE
r-release-windows-ix86+x86_64 1.0.0 140.00 622.00 762.00 NOTE
r-release-osx-x86_64 1.0.0 NOTE
r-oldrel-windows-ix86+x86_64 1.0.0 114.00 617.00 731.00 NOTE
r-oldrel-osx-x86_64 1.0.0 NOTE

Additional issues

clang-UBSAN gcc-UBSAN

Check Details

Version: 1.0.0
Check: foreign function calls
Result: NOTE
    Registration problem:
     symbol ‘symbol’ in the local frame:
     .Call(symbol)
    See chapter ‘System and foreign language interfaces’ in the ‘Writing R
    Extensions’ manual.
Flavors: r-devel-linux-x86_64-debian-clang, r-devel-linux-x86_64-debian-gcc, r-devel-linux-x86_64-fedora-clang, r-devel-linux-x86_64-fedora-gcc, r-patched-linux-x86_64, r-release-linux-x86_64

Version: 1.0.0
Check: installed package size
Result: NOTE
     installed size is 15.3Mb
     sub-directories of 1Mb or more:
     doc 2.6Mb
     include 6.4Mb
     libs 4.3Mb
Flavors: r-devel-linux-x86_64-fedora-clang, r-devel-windows-ix86+x86_64, r-patched-solaris-x86, r-release-windows-ix86+x86_64, r-release-osx-x86_64, r-oldrel-windows-ix86+x86_64, r-oldrel-osx-x86_64