CRAN Package Check Results for Package Rcpp

Last updated on 2019-01-22 05:49:25 CET.

Flavor Version Tinstall Tcheck Ttotal Status Flags
r-devel-linux-x86_64-debian-clang 1.0.0 48.41 382.23 430.64 NOTE
r-devel-linux-x86_64-debian-gcc 1.0.0 38.65 299.32 337.97 NOTE
r-devel-linux-x86_64-fedora-clang 1.0.0 562.73 NOTE
r-devel-linux-x86_64-fedora-gcc 1.0.0 523.72 NOTE
r-devel-windows-ix86+x86_64 1.0.0 144.00 628.00 772.00 NOTE
r-patched-linux-x86_64 1.0.0 53.29 385.29 438.58 NOTE
r-patched-solaris-x86 1.0.0 324.10 NOTE
r-release-linux-x86_64 1.0.0 53.68 386.93 440.61 NOTE
r-release-windows-ix86+x86_64 1.0.0 101.00 598.00 699.00 NOTE
r-release-osx-x86_64 1.0.0 NOTE
r-oldrel-windows-ix86+x86_64 1.0.0 140.00 451.00 591.00 NOTE
r-oldrel-osx-x86_64 1.0.0 NOTE

Additional issues

clang-UBSAN gcc-UBSAN

Check Details

Version: 1.0.0
Check: foreign function calls
Result: NOTE
    Registration problem:
     symbol ‘symbol’ in the local frame:
     .Call(symbol)
    See chapter ‘System and foreign language interfaces’ in the ‘Writing R
    Extensions’ manual.
Flavors: r-devel-linux-x86_64-debian-clang, r-devel-linux-x86_64-debian-gcc, r-devel-linux-x86_64-fedora-clang, r-devel-linux-x86_64-fedora-gcc, r-patched-linux-x86_64, r-release-linux-x86_64

Version: 1.0.0
Check: line endings in C/C++/Fortran sources/headers
Result: NOTE
    Found the following sources/headers with CR or CRLF line endings:
     inst/include/Rcpp/sugar/functions/cbind.h
    Some Unix compilers require LF line endings.
Flavors: r-devel-linux-x86_64-debian-clang, r-devel-linux-x86_64-debian-gcc, r-devel-linux-x86_64-fedora-clang, r-devel-linux-x86_64-fedora-gcc, r-devel-windows-ix86+x86_64

Version: 1.0.0
Check: installed package size
Result: NOTE
     installed size is 15.3Mb
     sub-directories of 1Mb or more:
     doc 2.6Mb
     include 6.4Mb
     libs 4.3Mb
Flavors: r-devel-linux-x86_64-fedora-clang, r-devel-windows-ix86+x86_64, r-patched-solaris-x86, r-release-windows-ix86+x86_64, r-release-osx-x86_64, r-oldrel-windows-ix86+x86_64, r-oldrel-osx-x86_64