CRAN Package Check Results for Package Rcpp

Last updated on 2019-04-19 18:47:14 CEST.

Flavor Version Tinstall Tcheck Ttotal Status Flags
r-devel-linux-x86_64-debian-clang 1.0.1 51.83 392.22 444.05 OK
r-devel-linux-x86_64-debian-gcc 1.0.1 32.65 289.21 321.86 OK
r-devel-linux-x86_64-fedora-clang 1.0.1 566.37 NOTE
r-devel-linux-x86_64-fedora-gcc 1.0.1 518.37 NOTE
r-devel-windows-ix86+x86_64 1.0.1 162.00 576.00 738.00 WARN
r-patched-linux-x86_64 1.0.1 47.64 371.32 418.96 OK
r-patched-solaris-x86 1.0.1 363.40 NOTE
r-release-linux-x86_64 1.0.1 48.73 366.59 415.32 OK
r-release-windows-ix86+x86_64 1.0.1 93.00 527.00 620.00 NOTE
r-release-osx-x86_64 1.0.1 NOTE
r-oldrel-windows-ix86+x86_64 1.0.1 103.00 684.00 787.00 NOTE
r-oldrel-osx-x86_64 1.0.1 NOTE

Additional issues

clang-UBSAN gcc-UBSAN

Check Details

Version: 1.0.1
Check: installed package size
Result: NOTE
     installed size is 15.3Mb
     sub-directories of 1Mb or more:
     doc 2.7Mb
     include 6.4Mb
     libs 4.3Mb
Flavors: r-devel-linux-x86_64-fedora-clang, r-devel-windows-ix86+x86_64, r-patched-solaris-x86, r-release-windows-ix86+x86_64, r-release-osx-x86_64, r-oldrel-windows-ix86+x86_64, r-oldrel-osx-x86_64

Version: 1.0.1
Check: foreign function calls
Result: NOTE
    Registration problem:
     symbol ‘symbol’ in the local frame:
     .Call(symbol)
    See chapter ‘System and foreign language interfaces’ in the ‘Writing R
    Extensions’ manual.
Flavors: r-devel-linux-x86_64-fedora-clang, r-devel-linux-x86_64-fedora-gcc

Version: 1.0.1
Check: whether package can be installed
Result: WARN
    Found the following significant warnings:
     WARNING: moving package to final location failed, copying instead
Flavor: r-devel-windows-ix86+x86_64