CRAN Package Check Results for Package RcppCGAL

Last updated on 2022-12-04 17:50:50 CET.

Flavor Version Tinstall Tcheck Ttotal Status Flags
r-devel-linux-x86_64-debian-clang 5.4.1 8.88 28.43 37.31 OK
r-devel-linux-x86_64-debian-gcc 5.4.1 7.77 21.92 29.69 OK
r-devel-linux-x86_64-fedora-clang 5.4.1 59.27 NOTE
r-devel-linux-x86_64-fedora-gcc 5.4.1 55.29 OK
r-devel-windows-x86_64 5.4.1 567.00 99.00 666.00 NOTE
r-patched-linux-x86_64 5.4.1 9.47 27.15 36.62 OK
r-release-linux-x86_64 5.4.1 10.89 26.93 37.82 OK
r-release-macos-arm64 5.4.1 22.00 NOTE
r-release-macos-x86_64 5.4.1 34.00 NOTE
r-release-windows-x86_64 5.4.1 1659.00 108.00 1767.00 NOTE
r-oldrel-macos-arm64 5.4.1 25.00 NOTE
r-oldrel-macos-x86_64 5.4.1 34.00 NOTE
r-oldrel-windows-ix86+x86_64 5.4.1 32.00 54.00 86.00 NOTE

Check Details

Version: 5.4.1
Check: installed package size
Result: NOTE
     installed size is 45.4Mb
     sub-directories of 1Mb or more:
     include 45.2Mb
Flavors: r-devel-linux-x86_64-fedora-clang, r-devel-windows-x86_64, r-release-macos-arm64, r-release-macos-x86_64, r-release-windows-x86_64, r-oldrel-macos-arm64, r-oldrel-macos-x86_64, r-oldrel-windows-ix86+x86_64