Last updated on 2023-03-20 09:49:38 CET.
Flavor | Version | Tinstall | Tcheck | Ttotal | Status | Flags |
---|---|---|---|---|---|---|
r-devel-linux-x86_64-debian-clang | 0.5.5 | NOTE | ||||
r-devel-linux-x86_64-debian-gcc | 0.5.5 | 56.99 | 32.51 | 89.50 | NOTE | |
r-devel-linux-x86_64-fedora-clang | 0.5.5 | 152.94 | NOTE | |||
r-devel-linux-x86_64-fedora-gcc | 0.5.5 | 160.81 | NOTE | |||
r-devel-windows-x86_64 | 0.5.5 | 222.00 | 108.00 | 330.00 | NOTE | |
r-patched-linux-x86_64 | 0.5.5 | 60.06 | 40.20 | 100.26 | NOTE | |
r-release-linux-x86_64 | 0.5.5 | 52.21 | 39.61 | 91.82 | NOTE | |
r-release-macos-arm64 | 0.5.5 | 49.00 | NOTE | |||
r-release-macos-x86_64 | 0.5.5 | 61.00 | NOTE | |||
r-release-windows-x86_64 | 0.5.5 | 191.00 | 116.00 | 307.00 | NOTE | |
r-oldrel-macos-arm64 | 0.5.5 | 50.00 | NOTE | |||
r-oldrel-macos-x86_64 | 0.5.5 | 64.00 | NOTE | |||
r-oldrel-windows-ix86+x86_64 | 0.5.5 | 57.00 | 19.00 | 76.00 | ERROR |
Version: 0.5.5
Check: for GNU extensions in Makefiles
Result: NOTE
GNU make is a SystemRequirements.
Flavors: r-devel-linux-x86_64-debian-clang, r-devel-linux-x86_64-debian-gcc, r-devel-linux-x86_64-fedora-clang, r-devel-linux-x86_64-fedora-gcc, r-devel-windows-x86_64, r-patched-linux-x86_64, r-release-linux-x86_64, r-release-macos-arm64, r-release-macos-x86_64, r-release-windows-x86_64, r-oldrel-macos-arm64, r-oldrel-macos-x86_64
Version: 0.5.5
Check: installed package size
Result: NOTE
installed size is 7.4Mb
sub-directories of 1Mb or more:
libs 6.1Mb
Flavors: r-release-macos-arm64, r-release-macos-x86_64, r-oldrel-macos-arm64, r-oldrel-macos-x86_64
Version: 0.5.5
Check: whether package can be installed
Result: ERROR
Installation failed.
Flavor: r-oldrel-windows-ix86+x86_64