CRAN Package Check Results for Package RcppCWB

Last updated on 2024-02-26 12:54:34 CET.

Flavor Version Tinstall Tcheck Ttotal Status Flags
r-devel-linux-x86_64-debian-clang 0.6.3 78.74 73.52 152.26 NOTE
r-devel-linux-x86_64-debian-gcc 0.6.3 59.43 54.43 113.86 NOTE
r-devel-linux-x86_64-fedora-clang 0.6.3 194.98 NOTE
r-devel-linux-x86_64-fedora-gcc 0.6.3 224.52 NOTE
r-devel-windows-x86_64 0.6.3 129.00 123.00 252.00 NOTE
r-patched-linux-x86_64 0.6.3 74.73 71.43 146.16 NOTE
r-release-linux-x86_64 0.6.3 73.25 71.78 145.03 NOTE
r-release-macos-arm64 0.6.3 74.00 NOTE
r-release-macos-x86_64 0.6.3 137.00 NOTE
r-release-windows-x86_64 0.6.3 134.00 129.00 263.00 NOTE
r-oldrel-macos-arm64 0.6.3 58.00 NOTE
r-oldrel-windows-x86_64 0.6.3 154.00 116.00 270.00 NOTE

Check Details

Version: 0.6.3
Check: for GNU extensions in Makefiles
Result: NOTE GNU make is a SystemRequirements. Flavors: r-devel-linux-x86_64-debian-clang, r-devel-linux-x86_64-debian-gcc, r-devel-linux-x86_64-fedora-clang, r-devel-linux-x86_64-fedora-gcc, r-devel-windows-x86_64, r-patched-linux-x86_64, r-release-linux-x86_64, r-release-macos-arm64, r-release-macos-x86_64, r-release-windows-x86_64, r-oldrel-macos-arm64, r-oldrel-windows-x86_64

Version: 0.6.3
Check: installed package size
Result: NOTE installed size is 5.1Mb sub-directories of 1Mb or more: libs 3.8Mb Flavors: r-devel-windows-x86_64, r-release-macos-arm64, r-release-macos-x86_64, r-release-windows-x86_64, r-oldrel-macos-arm64, r-oldrel-windows-x86_64