CRAN Package Check Results for Package RcppCWB

Last updated on 2022-12-03 09:53:43 CET.

Flavor Version Tinstall Tcheck Ttotal Status Flags
r-devel-linux-x86_64-debian-clang 0.5.4 68.45 43.57 112.02 NOTE
r-devel-linux-x86_64-debian-gcc 0.5.4 55.93 33.04 88.97 NOTE
r-devel-linux-x86_64-fedora-clang 0.5.4 159.07 NOTE
r-devel-linux-x86_64-fedora-gcc 0.5.4 161.57 NOTE
r-devel-windows-x86_64 0.5.4 204.00 107.00 311.00 NOTE
r-patched-linux-x86_64 0.5.4 62.52 39.62 102.14 NOTE
r-release-linux-x86_64 0.5.4 59.94 40.88 100.82 NOTE
r-release-macos-arm64 0.5.4 51.00 NOTE
r-release-macos-x86_64 0.5.4 66.00 NOTE
r-release-windows-x86_64 0.5.4 212.00 111.00 323.00 NOTE
r-oldrel-macos-arm64 0.5.4 49.00 NOTE
r-oldrel-macos-x86_64 0.5.4 66.00 NOTE
r-oldrel-windows-ix86+x86_64 0.5.4 127.00 123.00 250.00 NOTE

Additional issues

M1mac

Check Details

Version: 0.5.4
Check: for GNU extensions in Makefiles
Result: NOTE
    GNU make is a SystemRequirements.
Flavors: r-devel-linux-x86_64-debian-clang, r-devel-linux-x86_64-debian-gcc, r-devel-linux-x86_64-fedora-clang, r-devel-linux-x86_64-fedora-gcc, r-devel-windows-x86_64, r-patched-linux-x86_64, r-release-linux-x86_64, r-release-macos-arm64, r-release-macos-x86_64, r-release-windows-x86_64, r-oldrel-macos-arm64, r-oldrel-macos-x86_64, r-oldrel-windows-ix86+x86_64

Version: 0.5.4
Check: installed package size
Result: NOTE
     installed size is 7.4Mb
     sub-directories of 1Mb or more:
     libs 6.1Mb
Flavors: r-release-macos-arm64, r-release-macos-x86_64, r-oldrel-macos-arm64, r-oldrel-macos-x86_64, r-oldrel-windows-ix86+x86_64