CRAN Package Check Results for Package RcppClassic

Last updated on 2022-05-27 06:51:32 CEST.

Flavor Version Tinstall Tcheck Ttotal Status Flags
r-devel-linux-x86_64-debian-clang 0.9.12 86.41 40.77 127.18 OK
r-devel-linux-x86_64-debian-gcc 0.9.12 66.75 31.93 98.68 OK
r-devel-linux-x86_64-fedora-clang 0.9.12 207.12 NOTE
r-devel-linux-x86_64-fedora-gcc 0.9.12 163.41 OK
r-devel-windows-x86_64 0.9.12 106.00 137.00 243.00 OK
r-patched-linux-x86_64 0.9.12 71.24 39.91 111.15 OK
r-release-linux-x86_64 0.9.12 71.82 39.98 111.80 OK
r-release-macos-arm64 0.9.12 93.00 WARN
r-release-macos-x86_64 0.9.12 88.00 WARN
r-release-windows-x86_64 0.9.12 103.00 139.00 242.00 OK
r-oldrel-macos-arm64 0.9.12 92.00 WARN
r-oldrel-macos-x86_64 0.9.12 85.00 WARN
r-oldrel-windows-ix86+x86_64 0.9.12 228.00 183.00 411.00 OK

Check Details

Version: 0.9.12
Check: installed package size
Result: NOTE
     installed size is 5.4Mb
     sub-directories of 1Mb or more:
     lib 3.8Mb
     libs 1.2Mb
Flavors: r-devel-linux-x86_64-fedora-clang, r-release-macos-x86_64, r-oldrel-macos-x86_64

Version: 0.9.12
Check: whether package can be installed
Result: WARN
    Found the following significant warnings:
     WARNING: shared objects/dynamic libraries with hard-coded temporary installation paths
Flavors: r-release-macos-arm64, r-release-macos-x86_64, r-oldrel-macos-arm64, r-oldrel-macos-x86_64