CRAN Package Check Results for Package RcppClassic

Last updated on 2019-12-07 08:49:40 CET.

Flavor Version Tinstall Tcheck Ttotal Status Flags
r-devel-linux-x86_64-debian-clang 0.9.11 92.38 91.72 184.10 NOTE
r-devel-linux-x86_64-debian-gcc 0.9.11 49.62 63.29 112.91 NOTE
r-devel-linux-x86_64-fedora-clang 0.9.11 135.30 ERROR
r-devel-linux-x86_64-fedora-gcc 0.9.11 105.68 ERROR
r-devel-windows-ix86+x86_64 0.9.11 159.00 166.00 325.00 OK
r-devel-windows-ix86+x86_64-gcc8 0.9.11 156.00 136.00 292.00 OK
r-patched-linux-x86_64 0.9.11 59.13 75.51 134.64 OK
r-patched-solaris-x86 0.9.11 204.10 OK
r-release-linux-x86_64 0.9.11 60.90 75.26 136.16 OK
r-release-windows-ix86+x86_64 0.9.11 200.00 120.00 320.00 OK
r-release-osx-x86_64 0.9.11 WARN
r-oldrel-windows-ix86+x86_64 0.9.11 140.00 123.00 263.00 OK
r-oldrel-osx-x86_64 0.9.11 OK

Check Details

Version: 0.9.11
Check: for non-standard things in the check directory
Result: NOTE
    Found the following files/directories:
     'RcppClassic-unitTests.html' 'RcppClassic-unitTests.txt'
Flavors: r-devel-linux-x86_64-debian-clang, r-devel-linux-x86_64-debian-gcc

Version: 0.9.11
Check: whether package can be installed
Result: ERROR
    Installation failed.
Flavors: r-devel-linux-x86_64-fedora-clang, r-devel-linux-x86_64-fedora-gcc

Version: 0.9.11
Check: whether package can be installed
Result: WARN
    Found the following significant warnings:
     WARNING: shared objects/dynamic libraries with hard-coded temporary installation paths
Flavor: r-release-osx-x86_64

Version: 0.9.11
Check: installed package size
Result: NOTE
     installed size is 5.0Mb
     sub-directories of 1Mb or more:
     lib 3.1Mb
     libs 1.5Mb
Flavor: r-release-osx-x86_64