Last updated on 2021-02-26 20:47:10 CET.
Flavor | Version | Tinstall | Tcheck | Ttotal | Status | Flags |
---|---|---|---|---|---|---|
r-devel-linux-x86_64-debian-clang | 0.3.3.9.1 | 82.75 | 83.61 | 166.36 | OK | |
r-devel-linux-x86_64-debian-gcc | 0.3.3.9.1 | 60.96 | 66.22 | 127.18 | OK | |
r-devel-linux-x86_64-fedora-clang | 0.3.3.9.1 | 237.79 | NOTE | |||
r-devel-linux-x86_64-fedora-gcc | 0.3.3.9.1 | 220.95 | OK | |||
r-devel-windows-ix86+x86_64 | 0.3.3.9.1 | 123.00 | 299.00 | 422.00 | NOTE | |
r-patched-linux-x86_64 | 0.3.3.9.1 | 71.51 | 80.80 | 152.31 | OK | |
r-patched-solaris-x86 | 0.3.3.9.1 | 301.70 | NOTE | |||
r-release-linux-x86_64 | 0.3.3.9.1 | 69.43 | 81.80 | 151.23 | OK | |
r-release-macos-x86_64 | 0.3.3.9.1 | NOTE | ||||
r-release-windows-ix86+x86_64 | 0.3.3.9.1 | 160.00 | 405.00 | 565.00 | NOTE | |
r-oldrel-macos-x86_64 | 0.3.3.9.1 | NOTE | ||||
r-oldrel-windows-ix86+x86_64 | 0.3.3.9.1 | 117.00 | 352.00 | 469.00 | NOTE |
Version: 0.3.3.9.1
Check: installed package size
Result: NOTE
installed size is 32.6Mb
sub-directories of 1Mb or more:
include 7.9Mb
libs 24.0Mb
Flavors: r-devel-linux-x86_64-fedora-clang, r-devel-windows-ix86+x86_64, r-patched-solaris-x86, r-release-macos-x86_64, r-release-windows-ix86+x86_64, r-oldrel-macos-x86_64, r-oldrel-windows-ix86+x86_64