CRAN Package Check Results for Package RcppEigenAD

Last updated on 2022-05-27 06:51:32 CEST.

Flavor Version Tinstall Tcheck Ttotal Status Flags
r-devel-linux-x86_64-debian-clang 1.0.0 27.60 58.33 85.93 OK
r-devel-linux-x86_64-debian-gcc 1.0.0 20.23 44.01 64.24 OK
r-devel-linux-x86_64-fedora-clang 1.0.0 112.90 NOTE
r-devel-linux-x86_64-fedora-gcc 1.0.0 104.68 NOTE
r-devel-windows-x86_64 1.0.0 154.00 94.00 248.00 OK
r-patched-linux-x86_64 1.0.0 15.72 55.05 70.77 OK
r-release-linux-x86_64 1.0.0 25.47 54.99 80.46 OK
r-release-macos-arm64 1.0.0 32.00 NOTE
r-release-macos-x86_64 1.0.0 53.00 NOTE
r-release-windows-x86_64 1.0.0 218.00 99.00 317.00 OK
r-oldrel-macos-arm64 1.0.0 33.00 NOTE
r-oldrel-macos-x86_64 1.0.0 46.00 NOTE
r-oldrel-windows-ix86+x86_64 1.0.0 71.00 114.00 185.00 OK

Additional issues

donttest

Check Details

Version: 1.0.0
Check: dependencies in R code
Result: NOTE
    Namespace in Imports field not imported from: ‘RcppEigen’
     All declared Imports should be used.
Flavors: r-devel-linux-x86_64-fedora-clang, r-devel-linux-x86_64-fedora-gcc, r-release-macos-arm64, r-release-macos-x86_64, r-oldrel-macos-arm64, r-oldrel-macos-x86_64