CRAN Package Check Results for Package RcppEnsmallen

Last updated on 2021-05-09 19:48:59 CEST.

Flavor Version Tinstall Tcheck Ttotal Status Flags
r-devel-linux-x86_64-debian-clang 0.2.16.1.1 37.27 29.20 66.47 NOTE
r-devel-linux-x86_64-debian-gcc 0.2.16.1.1 23.64 23.09 46.73 NOTE
r-devel-linux-x86_64-fedora-clang 0.2.16.1.1 96.07 NOTE
r-devel-linux-x86_64-fedora-gcc 0.2.16.1.1 81.53 NOTE
r-devel-windows-ix86+x86_64 0.2.16.1.1 66.00 79.00 145.00 NOTE
r-devel-windows-x86_64-gcc10-UCRT 0.2.16.1.1 NOTE
r-patched-linux-x86_64 0.2.16.1.1 31.13 29.09 60.22 NOTE
r-patched-solaris-x86 0.2.16.1.1 95.70 OK
r-release-linux-x86_64 0.2.16.1.1 27.14 27.88 55.02 OK
r-release-macos-x86_64 0.2.16.1.1 OK
r-release-windows-ix86+x86_64 0.2.16.1.1 63.00 64.00 127.00 OK
r-oldrel-macos-x86_64 0.2.16.1.1 OK
r-oldrel-windows-ix86+x86_64 0.2.16.1.1 81.00 66.00 147.00 OK

Check Details

Version: 0.2.16.1.1
Check: LazyData
Result: NOTE
     'LazyData' is specified without a 'data' directory
Flavors: r-devel-linux-x86_64-debian-clang, r-devel-linux-x86_64-debian-gcc, r-devel-linux-x86_64-fedora-clang, r-devel-linux-x86_64-fedora-gcc, r-devel-windows-ix86+x86_64, r-devel-windows-x86_64-gcc10-UCRT, r-patched-linux-x86_64