CRAN Package Check Results for Package RcppFaddeeva

Last updated on 2018-02-24 01:48:13 CET.

Flavor Version Tinstall Tcheck Ttotal Status Flags
r-devel-linux-x86_64-debian-clang 0.1.0 13.32 23.98 37.30 NOTE
r-devel-linux-x86_64-debian-gcc 0.1.0 9.80 19.59 29.39 NOTE
r-devel-linux-x86_64-fedora-clang 0.1.0 49.77 NOTE
r-devel-linux-x86_64-fedora-gcc 0.1.0 46.47 NOTE
r-devel-windows-ix86+x86_64 0.1.0 41.00 72.00 113.00 NOTE
r-patched-linux-x86_64 0.1.0 11.86 25.05 36.91 NOTE
r-patched-solaris-x86 0.1.0 58.70 NOTE
r-release-linux-x86_64 0.1.0 11.64 24.89 36.53 NOTE
r-release-windows-ix86+x86_64 0.1.0 30.00 71.00 101.00 NOTE
r-release-osx-x86_64 0.1.0 NOTE
r-oldrel-windows-ix86+x86_64 0.1.0 30.00 48.00 78.00 NOTE
r-oldrel-osx-x86_64 0.1.0 NOTE

Check Details

Version: 0.1.0
Check: R code for possible problems
Result: NOTE
    Gauss: no visible global function definition for ‘dnorm’
    Undefined global functions or variables:
     dnorm
    Consider adding
     importFrom("stats", "dnorm")
    to your NAMESPACE file.
Flavors: r-devel-linux-x86_64-debian-clang, r-devel-linux-x86_64-debian-gcc, r-devel-linux-x86_64-fedora-clang, r-devel-linux-x86_64-fedora-gcc, r-devel-windows-ix86+x86_64, r-patched-linux-x86_64, r-patched-solaris-x86, r-release-linux-x86_64, r-release-windows-ix86+x86_64, r-release-osx-x86_64, r-oldrel-windows-ix86+x86_64, r-oldrel-osx-x86_64

Version: 0.1.0
Check: compiled code
Result: NOTE
    File ‘RcppFaddeeva/libs/RcppFaddeeva.so’:
     Found no calls to: ‘R_registerRoutines’, ‘R_useDynamicSymbols’
    
    It is good practice to register native routines and to disable symbol
    search.
    
    See ‘Writing portable packages’ in the ‘Writing R Extensions’ manual.
Flavors: r-devel-linux-x86_64-debian-clang, r-devel-linux-x86_64-debian-gcc, r-devel-linux-x86_64-fedora-clang, r-devel-linux-x86_64-fedora-gcc, r-patched-linux-x86_64, r-release-linux-x86_64