CRAN Package Check Results for Package RcppFaddeeva

Last updated on 2018-05-24 02:48:37 CEST.

Flavor Version Tinstall Tcheck Ttotal Status Flags
r-devel-linux-x86_64-debian-clang 0.1.0 17.12 22.71 39.83 NOTE
r-devel-linux-x86_64-debian-gcc 0.1.0 11.46 20.67 32.13 NOTE
r-devel-linux-x86_64-fedora-clang 0.1.0 52.04 NOTE
r-devel-linux-x86_64-fedora-gcc 0.1.0 48.38 NOTE
r-devel-windows-ix86+x86_64 0.1.0 29.00 73.00 102.00 NOTE
r-patched-linux-x86_64 0.1.0 15.12 23.86 38.98 NOTE
r-patched-solaris-x86 0.1.0 67.20 NOTE
r-release-linux-x86_64 0.1.0 13.18 23.91 37.09 NOTE
r-release-windows-ix86+x86_64 0.1.0 40.00 75.00 115.00 NOTE
r-release-osx-x86_64 0.1.0 NOTE
r-oldrel-windows-ix86+x86_64 0.1.0 41.00 67.00 108.00 NOTE
r-oldrel-osx-x86_64 0.1.0 NOTE

Check Details

Version: 0.1.0
Check: R code for possible problems
Result: NOTE
    Gauss: no visible global function definition for ‘dnorm’
    Undefined global functions or variables:
     dnorm
    Consider adding
     importFrom("stats", "dnorm")
    to your NAMESPACE file.
Flavors: r-devel-linux-x86_64-debian-clang, r-devel-linux-x86_64-debian-gcc, r-devel-linux-x86_64-fedora-clang, r-devel-linux-x86_64-fedora-gcc, r-devel-windows-ix86+x86_64, r-patched-linux-x86_64, r-patched-solaris-x86, r-release-linux-x86_64, r-release-windows-ix86+x86_64, r-release-osx-x86_64, r-oldrel-windows-ix86+x86_64, r-oldrel-osx-x86_64

Version: 0.1.0
Check: compiled code
Result: NOTE
    File ‘RcppFaddeeva/libs/RcppFaddeeva.so’:
     Found no calls to: ‘R_registerRoutines’, ‘R_useDynamicSymbols’
    
    It is good practice to register native routines and to disable symbol
    search.
    
    See ‘Writing portable packages’ in the ‘Writing R Extensions’ manual.
Flavors: r-devel-linux-x86_64-debian-clang, r-devel-linux-x86_64-debian-gcc, r-devel-linux-x86_64-fedora-clang, r-devel-linux-x86_64-fedora-gcc, r-patched-linux-x86_64, r-release-linux-x86_64