CRAN Package Check Results for Package RcppFaddeeva

Last updated on 2019-02-18 05:49:34 CET.

Flavor Version Tinstall Tcheck Ttotal Status Flags
r-devel-linux-x86_64-debian-clang 0.1.0 16.41 26.10 42.51 NOTE
r-devel-linux-x86_64-debian-gcc 0.1.0 10.44 21.02 31.46 NOTE
r-devel-linux-x86_64-fedora-clang 0.1.0 57.54 NOTE
r-devel-linux-x86_64-fedora-gcc 0.1.0 51.47 NOTE
r-devel-windows-ix86+x86_64 0.1.0 44.00 57.00 101.00 NOTE
r-patched-linux-x86_64 0.1.0 14.61 24.41 39.02 NOTE
r-patched-solaris-x86 0.1.0 63.10 NOTE
r-release-linux-x86_64 0.1.0 NOTE
r-release-windows-ix86+x86_64 0.1.0 27.00 62.00 89.00 NOTE
r-release-osx-x86_64 0.1.0 NOTE
r-oldrel-windows-ix86+x86_64 0.1.0 49.00 60.00 109.00 NOTE
r-oldrel-osx-x86_64 0.1.0 NOTE

Check Details

Version: 0.1.0
Check: R code for possible problems
Result: NOTE
    Gauss: no visible global function definition for ‘dnorm’
    Undefined global functions or variables:
     dnorm
    Consider adding
     importFrom("stats", "dnorm")
    to your NAMESPACE file.
Flavors: r-devel-linux-x86_64-debian-clang, r-devel-linux-x86_64-debian-gcc, r-devel-linux-x86_64-fedora-clang, r-devel-linux-x86_64-fedora-gcc, r-devel-windows-ix86+x86_64, r-patched-linux-x86_64, r-patched-solaris-x86, r-release-linux-x86_64, r-release-windows-ix86+x86_64, r-release-osx-x86_64, r-oldrel-windows-ix86+x86_64, r-oldrel-osx-x86_64

Version: 0.1.0
Check: compiled code
Result: NOTE
    File ‘RcppFaddeeva/libs/RcppFaddeeva.so’:
     Found no calls to: ‘R_registerRoutines’, ‘R_useDynamicSymbols’
    
    It is good practice to register native routines and to disable symbol
    search.
    
    See ‘Writing portable packages’ in the ‘Writing R Extensions’ manual.
Flavors: r-devel-linux-x86_64-fedora-clang, r-devel-linux-x86_64-fedora-gcc