CRAN Package Check Results for Package RcppFaddeeva

Last updated on 2018-11-13 02:48:50 CET.

Flavor Version Tinstall Tcheck Ttotal Status Flags
r-devel-linux-x86_64-debian-clang 0.1.0 16.04 27.69 43.73 NOTE
r-devel-linux-x86_64-debian-gcc 0.1.0 12.32 22.16 34.48 NOTE
r-devel-linux-x86_64-fedora-clang 0.1.0 56.12 NOTE
r-devel-linux-x86_64-fedora-gcc 0.1.0 52.94 NOTE
r-devel-windows-ix86+x86_64 0.1.0 31.00 60.00 91.00 NOTE
r-patched-linux-x86_64 0.1.0 16.74 24.19 40.93 NOTE
r-patched-solaris-x86 0.1.0 68.40 NOTE
r-release-linux-x86_64 0.1.0 13.75 24.42 38.17 NOTE
r-release-windows-ix86+x86_64 0.1.0 44.00 73.00 117.00 NOTE
r-release-osx-x86_64 0.1.0 NOTE
r-oldrel-windows-ix86+x86_64 0.1.0 51.00 62.00 113.00 NOTE
r-oldrel-osx-x86_64 0.1.0 NOTE

Check Details

Version: 0.1.0
Check: R code for possible problems
Result: NOTE
    Gauss: no visible global function definition for ‘dnorm’
    Undefined global functions or variables:
     dnorm
    Consider adding
     importFrom("stats", "dnorm")
    to your NAMESPACE file.
Flavors: r-devel-linux-x86_64-debian-clang, r-devel-linux-x86_64-debian-gcc, r-devel-linux-x86_64-fedora-clang, r-devel-linux-x86_64-fedora-gcc, r-devel-windows-ix86+x86_64, r-patched-linux-x86_64, r-patched-solaris-x86, r-release-linux-x86_64, r-release-windows-ix86+x86_64, r-release-osx-x86_64, r-oldrel-windows-ix86+x86_64, r-oldrel-osx-x86_64

Version: 0.1.0
Check: compiled code
Result: NOTE
    File ‘RcppFaddeeva/libs/RcppFaddeeva.so’:
     Found no calls to: ‘R_registerRoutines’, ‘R_useDynamicSymbols’
    
    It is good practice to register native routines and to disable symbol
    search.
    
    See ‘Writing portable packages’ in the ‘Writing R Extensions’ manual.
Flavors: r-devel-linux-x86_64-fedora-clang, r-devel-linux-x86_64-fedora-gcc