CRAN Package Check Results for Package RcppFaddeeva

Last updated on 2018-08-20 07:47:54 CEST.

Flavor Version Tinstall Tcheck Ttotal Status Flags
r-devel-linux-x86_64-debian-clang 0.1.0 13.96 27.16 41.12 NOTE
r-devel-linux-x86_64-debian-gcc 0.1.0 12.81 22.20 35.01 NOTE
r-devel-linux-x86_64-fedora-clang 0.1.0 54.12 NOTE
r-devel-linux-x86_64-fedora-gcc 0.1.0 51.29 NOTE
r-devel-windows-ix86+x86_64 0.1.0 37.00 62.00 99.00 NOTE
r-patched-linux-x86_64 0.1.0 15.95 24.48 40.43 NOTE
r-patched-solaris-x86 0.1.0 65.00 NOTE
r-release-linux-x86_64 0.1.0 15.87 24.20 40.07 NOTE
r-release-windows-ix86+x86_64 0.1.0 39.00 71.00 110.00 NOTE
r-release-osx-x86_64 0.1.0 NOTE
r-oldrel-windows-ix86+x86_64 0.1.0 28.00 63.00 91.00 NOTE
r-oldrel-osx-x86_64 0.1.0 NOTE

Check Details

Version: 0.1.0
Check: R code for possible problems
Result: NOTE
    Gauss: no visible global function definition for ‘dnorm’
    Undefined global functions or variables:
     dnorm
    Consider adding
     importFrom("stats", "dnorm")
    to your NAMESPACE file.
Flavors: r-devel-linux-x86_64-debian-clang, r-devel-linux-x86_64-debian-gcc, r-devel-linux-x86_64-fedora-clang, r-devel-linux-x86_64-fedora-gcc, r-devel-windows-ix86+x86_64, r-patched-linux-x86_64, r-patched-solaris-x86, r-release-linux-x86_64, r-release-windows-ix86+x86_64, r-release-osx-x86_64, r-oldrel-windows-ix86+x86_64, r-oldrel-osx-x86_64

Version: 0.1.0
Check: compiled code
Result: NOTE
    File ‘RcppFaddeeva/libs/RcppFaddeeva.so’:
     Found no calls to: ‘R_registerRoutines’, ‘R_useDynamicSymbols’
    
    It is good practice to register native routines and to disable symbol
    search.
    
    See ‘Writing portable packages’ in the ‘Writing R Extensions’ manual.
Flavors: r-devel-linux-x86_64-debian-clang, r-devel-linux-x86_64-debian-gcc, r-devel-linux-x86_64-fedora-clang, r-devel-linux-x86_64-fedora-gcc, r-patched-linux-x86_64, r-release-linux-x86_64