CRAN Package Check Results for Package RcppHMM

Last updated on 2022-05-26 16:54:44 CEST.

Flavor Version Tinstall Tcheck Ttotal Status Flags
r-devel-linux-x86_64-debian-clang 1.2.2 106.05 40.16 146.21 OK
r-devel-linux-x86_64-debian-gcc 1.2.2 85.25 34.08 119.33 OK
r-devel-linux-x86_64-fedora-clang 1.2.2 200.47 OK
r-devel-linux-x86_64-fedora-gcc 1.2.2 184.09 OK
r-devel-windows-x86_64 1.2.2 95.00 87.00 182.00 OK
r-patched-linux-x86_64 1.2.2 82.17 38.96 121.13 OK
r-release-linux-x86_64 1.2.2 83.57 39.49 123.06 OK
r-release-macos-arm64 1.2.2 44.00 OK
r-release-macos-x86_64 1.2.2 57.00 NOTE
r-release-windows-x86_64 1.2.2 93.00 83.00 176.00 OK
r-oldrel-macos-arm64 1.2.2 49.00 NOTE
r-oldrel-macos-x86_64 1.2.2 74.00 NOTE
r-oldrel-windows-ix86+x86_64 1.2.2 244.00 92.00 336.00 OK

Check Details

Version: 1.2.2
Check: installed package size
Result: NOTE
     installed size is 5.3Mb
     sub-directories of 1Mb or more:
     libs 5.2Mb
Flavors: r-release-macos-x86_64, r-oldrel-macos-arm64, r-oldrel-macos-x86_64